{"id":23372,"date":"2018-07-11T10:25:48","date_gmt":"2018-07-11T08:25:48","guid":{"rendered":"https:\/\/charlie-liveshow.com\/charlie-tantra\/?page_id=23372"},"modified":"2018-12-29T12:41:03","modified_gmt":"2018-12-29T11:41:03","slug":"fuck-machine-huge-dildo","status":"publish","type":"page","link":"https:\/\/charlie-liveshow.com\/charlie-tantra\/test-sex-toy-decale-by-charlie\/fuck-machine-huge-dildo\/","title":{"rendered":"fuck machine &#038; autres huge dildo, les inclassables"},"content":{"rendered":"<p>La cat\u00e9gorie de sex toy que tu r\u00eaves secr\u00e8tement d&rsquo;avoir&#8230; ou pas ! Ici vous retrouverez mes reviews sur les sextoys les plus hallucinants et parfois les plus flippant. Au menu la c\u00e9l\u00e8bre fuck machine, il y en a plein de diff\u00e9rentes du pire \u00e0 la meilleure. Mais aussi tout <strong>les tests des \u00ab\u00a0Huge dildo\u00a0\u00bb<\/strong> comme disent nos cousins anglophones. Et puis les bizarres, les hallucinants, les inclassables en gros<\/p>\n<h2 style=\"text-align: center;\">Fuck machine, sex toy g\u00e9ant et les bizarres<\/h2>\n<div id=\"home\">\n\n<div class=\"su-posts su-posts-default-loop \">\n\n\t\t\t<h4>Articles non trouv\u00e9s<\/h4>\n\t\n<\/div>\n<\/div>\n<div class=\"su-spacer\" style=\"height:20px\"><\/div>\n<div class=\"su-row\"><div class=\"su-column su-column-size-1-2\"><div class=\"su-column-inner su-u-clearfix su-u-trim\">\n\n<\/div><\/div><div class=\"su-column su-column-size-1-2\"><div class=\"su-column-inner su-u-clearfix su-u-trim\">\n\n<\/div><\/div><\/div>\n<div class=\"su-spacer\" style=\"height:20px\"><\/div>\n<div id=\"home\">\n\n<div class=\"su-posts su-posts-default-loop \">\n\n\t\t\t<h4>Articles non trouv\u00e9s<\/h4>\n\t\n<\/div>\n<\/div>\n<div id=\"home\">\u00a0<\/div>\n\n\n\n\n\n\n\n<div id=\"home\">\n\n<div class=\"su-posts su-posts-default-loop \">\n\n\t\t\t<h4>Articles non trouv\u00e9s<\/h4>\n\t\n<\/div>\n<\/div>\n<div class=\"su-spacer\" style=\"height:20px\"><\/div>\n<div id=\"home\">\n\n<div class=\"su-posts su-posts-default-loop \">\n\n\t\t\t<h4>Articles non trouv\u00e9s<\/h4>\n\t\n<\/div>\n<\/div>\n\n\n<figure class=\"wp-block-image\"><img decoding=\"async\" src=\"https:\/\/charlie-liveshow.com\/charlie-tantra\/wp-content\/uploads\/2018\/07\/sextoys-geants-fuck-machine.jpg\" alt=\"huge dildo fuck machine sextoy\" class=\"wp-image-23375\" title=\"\"><\/figure>\n","protected":false},"excerpt":{"rendered":"<p>La cat\u00e9gorie de sex toy que tu r\u00eaves secr\u00e8tement d&rsquo;avoir&#8230; ou pas ! Ici vous retrouverez mes reviews sur les sextoys les plus hallucinants et parfois les plus flippant. Au menu la c\u00e9l\u00e8bre fuck machine, il y en a plein de diff\u00e9rentes du pire \u00e0 la meilleure. Mais aussi tout les tests des \u00ab\u00a0Huge dildo\u00a0\u00bb [&hellip;]<\/p>\n","protected":false},"author":2,"featured_media":23375,"parent":8680,"menu_order":0,"comment_status":"closed","ping_status":"closed","template":"","meta":{"ub_ctt_via":"","_uag_custom_page_level_css":"","ocean_post_layout":"","ocean_both_sidebars_style":"","ocean_both_sidebars_content_width":0,"ocean_both_sidebars_sidebars_width":0,"ocean_sidebar":"0","ocean_second_sidebar":"0","ocean_disable_margins":"enable","ocean_add_body_class":"","ocean_shortcode_before_top_bar":"","ocean_shortcode_after_top_bar":"","ocean_shortcode_before_header":"","ocean_shortcode_after_header":"","ocean_has_shortcode":"","ocean_shortcode_after_title":"","ocean_shortcode_before_footer_widgets":"","ocean_shortcode_after_footer_widgets":"","ocean_shortcode_before_footer_bottom":"","ocean_shortcode_after_footer_bottom":"","ocean_display_top_bar":"default","ocean_display_header":"default","ocean_header_style":"","ocean_center_header_left_menu":"0","ocean_custom_header_template":"0","ocean_custom_logo":0,"ocean_custom_retina_logo":0,"ocean_custom_logo_max_width":0,"ocean_custom_logo_tablet_max_width":0,"ocean_custom_logo_mobile_max_width":0,"ocean_custom_logo_max_height":0,"ocean_custom_logo_tablet_max_height":0,"ocean_custom_logo_mobile_max_height":0,"ocean_header_custom_menu":"0","ocean_menu_typo_font_family":"0","ocean_menu_typo_font_subset":"","ocean_menu_typo_font_size":0,"ocean_menu_typo_font_size_tablet":0,"ocean_menu_typo_font_size_mobile":0,"ocean_menu_typo_font_size_unit":"px","ocean_menu_typo_font_weight":"","ocean_menu_typo_font_weight_tablet":"","ocean_menu_typo_font_weight_mobile":"","ocean_menu_typo_transform":"","ocean_menu_typo_transform_tablet":"","ocean_menu_typo_transform_mobile":"","ocean_menu_typo_line_height":0,"ocean_menu_typo_line_height_tablet":0,"ocean_menu_typo_line_height_mobile":0,"ocean_menu_typo_line_height_unit":"","ocean_menu_typo_spacing":0,"ocean_menu_typo_spacing_tablet":0,"ocean_menu_typo_spacing_mobile":0,"ocean_menu_typo_spacing_unit":"","ocean_menu_link_color":"","ocean_menu_link_color_hover":"","ocean_menu_link_color_active":"","ocean_menu_link_background":"","ocean_menu_link_hover_background":"","ocean_menu_link_active_background":"","ocean_menu_social_links_bg":"","ocean_menu_social_hover_links_bg":"","ocean_menu_social_links_color":"","ocean_menu_social_hover_links_color":"","ocean_disable_title":"default","ocean_disable_heading":"default","ocean_post_title":"","ocean_post_subheading":"","ocean_post_title_style":"","ocean_post_title_background_color":"","ocean_post_title_background":0,"ocean_post_title_bg_image_position":"","ocean_post_title_bg_image_attachment":"","ocean_post_title_bg_image_repeat":"","ocean_post_title_bg_image_size":"","ocean_post_title_height":0,"ocean_post_title_bg_overlay":0.5,"ocean_post_title_bg_overlay_color":"","ocean_disable_breadcrumbs":"default","ocean_breadcrumbs_color":"","ocean_breadcrumbs_separator_color":"","ocean_breadcrumbs_links_color":"","ocean_breadcrumbs_links_hover_color":"","ocean_display_footer_widgets":"default","ocean_display_footer_bottom":"default","ocean_custom_footer_template":"0","footnotes":""},"class_list":["post-23372","page","type-page","status-publish","has-post-thumbnail","hentry","entry","has-media"],"featured_image_src":null,"uagb_featured_image_src":{"full":false,"thumbnail":false,"medium":false,"medium_large":false,"large":false,"1536x1536":false,"2048x2048":false,"ocean-thumb-m":false,"ocean-thumb-ml":false,"ocean-thumb-l":false},"uagb_author_info":{"display_name":"Charlie","author_link":"https:\/\/charlie-liveshow.com\/charlie-tantra\/author\/cchhaarrlliiee13super7x\/"},"uagb_comment_info":0,"uagb_excerpt":"La cat\u00e9gorie de sex toy que tu r\u00eaves secr\u00e8tement d&rsquo;avoir&#8230; ou pas ! Ici vous retrouverez mes reviews sur les sextoys les plus hallucinants et parfois les plus flippant. Au menu la c\u00e9l\u00e8bre fuck machine, il y en a plein de diff\u00e9rentes du pire \u00e0 la meilleure. Mais aussi tout les tests des \u00ab\u00a0Huge dildo\u00a0\u00bb\u2026","_links":{"self":[{"href":"https:\/\/charlie-liveshow.com\/charlie-tantra\/wp-json\/wp\/v2\/pages\/23372","targetHints":{"allow":["GET"]}}],"collection":[{"href":"https:\/\/charlie-liveshow.com\/charlie-tantra\/wp-json\/wp\/v2\/pages"}],"about":[{"href":"https:\/\/charlie-liveshow.com\/charlie-tantra\/wp-json\/wp\/v2\/types\/page"}],"author":[{"embeddable":true,"href":"https:\/\/charlie-liveshow.com\/charlie-tantra\/wp-json\/wp\/v2\/users\/2"}],"replies":[{"embeddable":true,"href":"https:\/\/charlie-liveshow.com\/charlie-tantra\/wp-json\/wp\/v2\/comments?post=23372"}],"version-history":[{"count":0,"href":"https:\/\/charlie-liveshow.com\/charlie-tantra\/wp-json\/wp\/v2\/pages\/23372\/revisions"}],"up":[{"embeddable":true,"href":"https:\/\/charlie-liveshow.com\/charlie-tantra\/wp-json\/wp\/v2\/pages\/8680"}],"wp:featuredmedia":[{"embeddable":true,"href":"https:\/\/charlie-liveshow.com\/charlie-tantra\/wp-json\/"}],"wp:attachment":[{"href":"https:\/\/charlie-liveshow.com\/charlie-tantra\/wp-json\/wp\/v2\/media?parent=23372"}],"curies":[{"name":"wp","href":"https:\/\/api.w.org\/{rel}","templated":true}]}}