{"id":11246,"date":"2016-04-02T09:45:52","date_gmt":"2016-04-02T07:45:52","guid":{"rendered":"http:\/\/charlie-tantra.fr\/?page_id=11246"},"modified":"2023-03-06T10:50:43","modified_gmt":"2023-03-06T09:50:43","slug":"camgirl-metier-conseils","status":"publish","type":"page","link":"https:\/\/charlie-liveshow.com\/charlie-tantra\/camgirl-metier-conseils\/","title":{"rendered":"Conseils &#038; aides \u00e0 la camgirl"},"content":{"rendered":"\n<p>Cette rubrique a vu le jour pour partager&nbsp;<strong>mes astuces, mes propres exp\u00e9riences faites \u2026 sur le tas<\/strong>. Je vais m\u2019adresser \u00e0&nbsp;la camgirl \/ camboy d\u00e9butante mais aussi peut \u00eatre \u00e0 toi qui passes par l\u00e0 \u201cpar hasard\u201d. Peut \u00eatre que ces quelques articles autour d\u2019un m\u00e9tier, d\u2019une industrie finalement pas si diff\u00e9rente des autres saura t\u2019\u00e9clairer, t\u2019aider (j\u2019esp\u00e8re) et plus que tout enrichir ta vision du monde et de la sexualit\u00e9.<\/p>\n\n\n\n<h2 class=\"wp-block-heading\">Camgirl un m\u00e9tier \u00e0 part enti\u00e8re qui m\u00e9rite un peu d\u2019aide<\/h2>\n\n\n\n<p>J\u2019en parle souvent sur les r\u00e9seaux sociaux ou dans mes articles mais il est toujours bon de le repr\u00e9ciser. H\u00e9las Camgirl n\u2019est pas encore consid\u00e9r\u00e9 comme un m\u00e9tier lambda. M\u00eame si vous \u00eates \u00e0 l\u2019aise avec votre corps et avec votre sexualit\u00e9 il n\u2019est pas forc\u00e9ment inutile de se poser plusieurs fois la questions avant de d\u00e9buter. Internet se souviens de tout. Donc&nbsp;<strong>\u00eates vous pr\u00eat.e.s \u00e0 assumer votre choix pour les 20 prochaines ann\u00e9es ?<\/strong><\/p>\n\n\n\n<p>Pour ma part&nbsp;<strong>je place le m\u00e9tier de camgirl comme tous les m\u00e9tiers de service et de spectacle<\/strong>. Il n\u2019y a donc rien de honteux \u00e0 se faire payer pour une prestation m\u00eame si vous y prenez vous aussi du plaisir ! Les Musiciens, danseurs, acteurs et autres performeurs sont pay\u00e9s. Camgirl ce n\u2019est pas tr\u00e8s diff\u00e9rent.<\/p>\n\n\n\n<p>Comme on me pose souvent la question de \u00ab\u00a0comment je suis devenu camgirl\u00a0\u00bb je vous renvoie sur l&rsquo;article de l&rsquo;EXPRESS.&nbsp;Il est \u00e0 mon sens un des meilleurs parmi ceux que j&rsquo;ai fait (m\u00eame s&rsquo;il y a eu de la coupe)<\/p>\n\n\n\n<p><a href=\"https:\/\/charlie-liveshow.com\/charlie-tantra\/les-medias-charlie-liveshow\/\" target=\"_blank\" rel=\"nofollow noopener noreferrer\">Lire l&rsquo;article<\/a><\/p>\n\n\n\n<h2 class=\"wp-block-heading\">Mes conseils de camgirl<\/h2>\n\n\n\n<p>Qu&rsquo;est ce que j&rsquo;aurais aim\u00e9 savoir avant de d\u00e9buter. On va parler de l&rsquo;activit\u00e9 en livecam bien sur mais aussi de l&rsquo;aspect psychologique. Comment \u00e7a ce passe avec la famille, l&rsquo;entourage, les copains. On va parler peur dans la rue et comment faire ses courses chez le jeune commer\u00e7ant d&rsquo;\u00e0 cot\u00e9.<\/p>\n\n\n\n<p><strong>Comment on d\u00e9clare ses revenus quand on est camgirl<\/strong> ou travailleur du sexe, les imp\u00f4ts pour une performeuse et le statut juridique. BONUS : Quelques astuces pour <strong>g\u00e9rer au moins mal un site internet adulte<\/strong> quand on est amateurs webmaster.<\/p>\n","protected":false},"excerpt":{"rendered":"<p>Cette rubrique a vu le jour pour partager&nbsp;mes astuces, mes propres exp\u00e9riences faites \u2026 sur le tas. Je vais m\u2019adresser \u00e0&nbsp;la camgirl \/ camboy d\u00e9butante mais aussi peut \u00eatre \u00e0 toi qui passes par l\u00e0 \u201cpar hasard\u201d. Peut \u00eatre que ces quelques articles autour d\u2019un m\u00e9tier, d\u2019une industrie finalement pas si diff\u00e9rente des autres saura [&hellip;]<\/p>\n","protected":false},"author":2,"featured_media":29305,"parent":1179,"menu_order":0,"comment_status":"closed","ping_status":"closed","template":"elementor_header_footer","meta":{"ub_ctt_via":"","_uag_custom_page_level_css":"","ocean_post_layout":"","ocean_both_sidebars_style":"","ocean_both_sidebars_content_width":0,"ocean_both_sidebars_sidebars_width":0,"ocean_sidebar":"0","ocean_second_sidebar":"0","ocean_disable_margins":"enable","ocean_add_body_class":"","ocean_shortcode_before_top_bar":"","ocean_shortcode_after_top_bar":"","ocean_shortcode_before_header":"","ocean_shortcode_after_header":"","ocean_has_shortcode":"","ocean_shortcode_after_title":"","ocean_shortcode_before_footer_widgets":"","ocean_shortcode_after_footer_widgets":"","ocean_shortcode_before_footer_bottom":"","ocean_shortcode_after_footer_bottom":"","ocean_display_top_bar":"default","ocean_display_header":"default","ocean_header_style":"custom","ocean_center_header_left_menu":"0","ocean_custom_header_template":"45652","ocean_custom_logo":0,"ocean_custom_retina_logo":0,"ocean_custom_logo_max_width":0,"ocean_custom_logo_tablet_max_width":0,"ocean_custom_logo_mobile_max_width":0,"ocean_custom_logo_max_height":0,"ocean_custom_logo_tablet_max_height":0,"ocean_custom_logo_mobile_max_height":0,"ocean_header_custom_menu":"0","ocean_menu_typo_font_family":"0","ocean_menu_typo_font_subset":"","ocean_menu_typo_font_size":0,"ocean_menu_typo_font_size_tablet":0,"ocean_menu_typo_font_size_mobile":0,"ocean_menu_typo_font_size_unit":"px","ocean_menu_typo_font_weight":"","ocean_menu_typo_font_weight_tablet":"","ocean_menu_typo_font_weight_mobile":"","ocean_menu_typo_transform":"","ocean_menu_typo_transform_tablet":"","ocean_menu_typo_transform_mobile":"","ocean_menu_typo_line_height":0,"ocean_menu_typo_line_height_tablet":0,"ocean_menu_typo_line_height_mobile":0,"ocean_menu_typo_line_height_unit":"","ocean_menu_typo_spacing":0,"ocean_menu_typo_spacing_tablet":0,"ocean_menu_typo_spacing_mobile":0,"ocean_menu_typo_spacing_unit":"","ocean_menu_link_color":"","ocean_menu_link_color_hover":"","ocean_menu_link_color_active":"","ocean_menu_link_background":"","ocean_menu_link_hover_background":"","ocean_menu_link_active_background":"","ocean_menu_social_links_bg":"","ocean_menu_social_hover_links_bg":"","ocean_menu_social_links_color":"","ocean_menu_social_hover_links_color":"","ocean_disable_title":"default","ocean_disable_heading":"default","ocean_post_title":"","ocean_post_subheading":"","ocean_post_title_style":"","ocean_post_title_background_color":"","ocean_post_title_background":0,"ocean_post_title_bg_image_position":"","ocean_post_title_bg_image_attachment":"","ocean_post_title_bg_image_repeat":"","ocean_post_title_bg_image_size":"","ocean_post_title_height":0,"ocean_post_title_bg_overlay":0.5,"ocean_post_title_bg_overlay_color":"","ocean_disable_breadcrumbs":"default","ocean_breadcrumbs_color":"","ocean_breadcrumbs_separator_color":"","ocean_breadcrumbs_links_color":"","ocean_breadcrumbs_links_hover_color":"","ocean_display_footer_widgets":"default","ocean_display_footer_bottom":"default","ocean_custom_footer_template":"45658","footnotes":""},"class_list":["post-11246","page","type-page","status-publish","has-post-thumbnail","hentry","entry","has-media"],"featured_image_src":"https:\/\/charlie-liveshow.com\/charlie-tantra\/wp-content\/uploads\/2018\/09\/conseils-sites-FLIP.jpg","uagb_featured_image_src":{"full":["https:\/\/charlie-liveshow.com\/charlie-tantra\/wp-content\/uploads\/2018\/09\/conseils-sites-FLIP.jpg",800,530,false],"thumbnail":["https:\/\/charlie-liveshow.com\/charlie-tantra\/wp-content\/uploads\/2018\/09\/conseils-sites-FLIP-150x150.jpg",150,150,true],"medium":["https:\/\/charlie-liveshow.com\/charlie-tantra\/wp-content\/uploads\/2018\/09\/conseils-sites-FLIP-300x199.jpg",300,199,true],"medium_large":["https:\/\/charlie-liveshow.com\/charlie-tantra\/wp-content\/uploads\/2018\/09\/conseils-sites-FLIP-768x509.jpg",768,509,true],"large":["https:\/\/charlie-liveshow.com\/charlie-tantra\/wp-content\/uploads\/2018\/09\/conseils-sites-FLIP.jpg",800,530,false],"1536x1536":["https:\/\/charlie-liveshow.com\/charlie-tantra\/wp-content\/uploads\/2018\/09\/conseils-sites-FLIP.jpg",800,530,false],"2048x2048":["https:\/\/charlie-liveshow.com\/charlie-tantra\/wp-content\/uploads\/2018\/09\/conseils-sites-FLIP.jpg",800,530,false],"ocean-thumb-m":["https:\/\/charlie-liveshow.com\/charlie-tantra\/wp-content\/uploads\/2018\/09\/conseils-sites-FLIP.jpg",600,398,false],"ocean-thumb-ml":["https:\/\/charlie-liveshow.com\/charlie-tantra\/wp-content\/uploads\/2018\/09\/conseils-sites-FLIP.jpg",679,450,false],"ocean-thumb-l":["https:\/\/charlie-liveshow.com\/charlie-tantra\/wp-content\/uploads\/2018\/09\/conseils-sites-FLIP.jpg",800,530,false]},"uagb_author_info":{"display_name":"Charlie","author_link":"https:\/\/charlie-liveshow.com\/charlie-tantra\/author\/cchhaarrlliiee13super7x\/"},"uagb_comment_info":0,"uagb_excerpt":"Cette rubrique a vu le jour pour partager&nbsp;mes astuces, mes propres exp\u00e9riences faites \u2026 sur le tas. Je vais m\u2019adresser \u00e0&nbsp;la camgirl \/ camboy d\u00e9butante mais aussi peut \u00eatre \u00e0 toi qui passes par l\u00e0 \u201cpar hasard\u201d. Peut \u00eatre que ces quelques articles autour d\u2019un m\u00e9tier, d\u2019une industrie finalement pas si diff\u00e9rente des autres saura\u2026","_links":{"self":[{"href":"https:\/\/charlie-liveshow.com\/charlie-tantra\/wp-json\/wp\/v2\/pages\/11246","targetHints":{"allow":["GET"]}}],"collection":[{"href":"https:\/\/charlie-liveshow.com\/charlie-tantra\/wp-json\/wp\/v2\/pages"}],"about":[{"href":"https:\/\/charlie-liveshow.com\/charlie-tantra\/wp-json\/wp\/v2\/types\/page"}],"author":[{"embeddable":true,"href":"https:\/\/charlie-liveshow.com\/charlie-tantra\/wp-json\/wp\/v2\/users\/2"}],"replies":[{"embeddable":true,"href":"https:\/\/charlie-liveshow.com\/charlie-tantra\/wp-json\/wp\/v2\/comments?post=11246"}],"version-history":[{"count":0,"href":"https:\/\/charlie-liveshow.com\/charlie-tantra\/wp-json\/wp\/v2\/pages\/11246\/revisions"}],"up":[{"embeddable":true,"href":"https:\/\/charlie-liveshow.com\/charlie-tantra\/wp-json\/"}],"wp:featuredmedia":[{"embeddable":true,"href":"https:\/\/charlie-liveshow.com\/charlie-tantra\/wp-json\/wp\/v2\/media\/29305"}],"wp:attachment":[{"href":"https:\/\/charlie-liveshow.com\/charlie-tantra\/wp-json\/wp\/v2\/media?parent=11246"}],"curies":[{"name":"wp","href":"https:\/\/api.w.org\/{rel}","templated":true}]}}