{"id":634,"date":"2018-07-06T07:27:27","date_gmt":"2018-07-06T05:27:27","guid":{"rendered":"https:\/\/charlie-liveshow.com\/Tentation-erotique\/?post_type=product&#038;p=634"},"modified":"2020-07-20T10:41:29","modified_gmt":"2020-07-20T08:41:29","slug":"telephone-rose-charlie-camgirl","status":"publish","type":"product","link":"https:\/\/charlie-liveshow.com\/Tentation-erotique\/produit\/telephone-rose-charlie-camgirl\/","title":{"rendered":"T\u00e9l\u00e9phone rose avec Charlie"},"content":{"rendered":"<p>Le t\u00e9l\u00e9phone sonne &#8230; R\u00e9pond, c&rsquo;est ton fantasme qui t&rsquo;appelle !<\/p>\n<p>Le t\u00e9l\u00e9phone \u00e9rotique, c&rsquo;est le fantasme absolu, ici tout est possible, tout est r\u00e9alisable. Alors d\u00e9croche !<\/p>\n<div class=\"su-button-center\"><a href=\"https:\/\/www.getindiebill.com\/store\/checkout\/5406d84d-23e5-4231-9791-a597dafad290\" class=\"su-button su-button-style-flat su-button-wide\" style=\"color:#fff;background-color:#6ec1e4;border-color:#589bb7;border-radius:0px;-moz-border-radius:0px;-webkit-border-radius:0px\" target=\"__blank\" rel=\"nofollow\"><span style=\"color:#fff;padding:8px 26px;font-size:20px;line-height:30px;border-color:#9ad4ed;border-radius:0px;-moz-border-radius:0px;-webkit-border-radius:0px;text-shadow:0px 0px 0px #ed1e79;-moz-text-shadow:0px 0px 0px #ed1e79;-webkit-text-shadow:0px 0px 0px #ed1e79\"><i class=\"sui sui-bell-o\" style=\"font-size:20px;color:#fff\"><\/i> R\u00e9serve aussi via INDIEBILL<\/span><\/a><\/div>\n<p style=\"text-align: center;\">\n","protected":false},"excerpt":{"rendered":"<p><b>Le t\u00e9l\u00e9phone rose sonne alors d\u00e9croche !<\/b><\/p>\n<p>Amoureux du fantasme, adepte de l&rsquo;imaginaire, oui le T\u00e9l\u00e9phone Rose sonne encore ! Je peux vous laisser un message sur votre r\u00e9pondeur, vous parler directement. Humiliation, d\u00e9votion, excitation tout est acceptable. <strong>Laisse libre cours \u00e0 tes pulsions.<\/strong><\/p>\n<p style=\"text-align: center;\">UNIQUEMENT valable en : France, Belgique et Suisse<\/p>\n<h3>LAISSE UNE NOTE &amp; UN COMMENTAIRE<\/h3>\n<p>Si tu me donnes ton avis sur ton livecam. Si tu me flattes et que tu partages ton exp\u00e9rience. <strong>Tu gagneras quelques tips pour ton prochain show !<\/strong><\/p>\n<p>&nbsp;<\/p>\n","protected":false},"featured_media":633,"comment_status":"open","ping_status":"closed","template":"","meta":{"ub_ctt_via":""},"product_cat":[20],"product_tag":[37,23,26],"yoast_head":"<!-- This site is optimized with the Yoast SEO plugin v22.0 - https:\/\/yoast.com\/wordpress\/plugins\/seo\/ -->\n<title>T\u00e9l\u00e9phone rose avec Charlie - Charlie TENTATIONS<\/title>\n<meta name=\"description\" content=\"Amoureux du fantasme, adepte de l&#039;imaginaire, le T\u00e9l\u00e9phone Rose sonne encore ! Humiliation, d\u00e9votion, excitation tout est acceptable. D\u00e9chaine tes envies\" \/>\n<meta name=\"robots\" content=\"index, follow, max-snippet:-1, max-image-preview:large, max-video-preview:-1\" \/>\n<link rel=\"canonical\" href=\"https:\/\/charlie-liveshow.com\/Tentation-erotique\/produit\/telephone-rose-charlie-camgirl\/\" \/>\n<meta property=\"og:locale\" content=\"fr_FR\" \/>\n<meta property=\"og:type\" content=\"article\" \/>\n<meta property=\"og:title\" content=\"T\u00e9l\u00e9phone rose avec Charlie - Charlie TENTATIONS\" \/>\n<meta property=\"og:description\" content=\"Amoureux du fantasme, adepte de l&#039;imaginaire, le T\u00e9l\u00e9phone Rose sonne encore ! Humiliation, d\u00e9votion, excitation tout est acceptable. D\u00e9chaine tes envies\" \/>\n<meta property=\"og:url\" content=\"https:\/\/charlie-liveshow.com\/Tentation-erotique\/produit\/telephone-rose-charlie-camgirl\/\" \/>\n<meta property=\"og:site_name\" content=\"TENTATIONS \u00c9ROTIQUES par Charlie Liveshow\" \/>\n<meta property=\"article:publisher\" content=\"https:\/\/www.facebook.com\/charlielivetantra\" \/>\n<meta property=\"article:modified_time\" content=\"2020-07-20T08:41:29+00:00\" \/>\n<meta property=\"og:image\" content=\"https:\/\/charlie-liveshow.com\/Tentation-erotique\/wp-content\/uploads\/2018\/07\/telephone-rose-header.jpg\" \/>\n\t<meta property=\"og:image:width\" content=\"678\" \/>\n\t<meta property=\"og:image:height\" content=\"1024\" \/>\n\t<meta property=\"og:image:type\" content=\"image\/jpeg\" \/>\n<meta name=\"twitter:card\" content=\"summary_large_image\" \/>\n<meta name=\"twitter:site\" content=\"@Charlieliveshow\" \/>\n<script type=\"application\/ld+json\" class=\"yoast-schema-graph\">{\"@context\":\"https:\/\/schema.org\",\"@graph\":[{\"@type\":\"WebPage\",\"@id\":\"https:\/\/charlie-liveshow.com\/Tentation-erotique\/produit\/telephone-rose-charlie-camgirl\/\",\"url\":\"https:\/\/charlie-liveshow.com\/Tentation-erotique\/produit\/telephone-rose-charlie-camgirl\/\",\"name\":\"T\u00e9l\u00e9phone rose avec Charlie - Charlie TENTATIONS\",\"isPartOf\":{\"@id\":\"https:\/\/charlie-liveshow.com\/Tentation-erotique\/#website\"},\"datePublished\":\"2018-07-06T05:27:27+00:00\",\"dateModified\":\"2020-07-20T08:41:29+00:00\",\"description\":\"Amoureux du fantasme, adepte de l'imaginaire, le T\u00e9l\u00e9phone Rose sonne encore ! Humiliation, d\u00e9votion, excitation tout est acceptable. D\u00e9chaine tes envies\",\"breadcrumb\":{\"@id\":\"https:\/\/charlie-liveshow.com\/Tentation-erotique\/produit\/telephone-rose-charlie-camgirl\/#breadcrumb\"},\"inLanguage\":\"fr-FR\",\"potentialAction\":[{\"@type\":\"ReadAction\",\"target\":[\"https:\/\/charlie-liveshow.com\/Tentation-erotique\/produit\/telephone-rose-charlie-camgirl\/\"]}]},{\"@type\":\"BreadcrumbList\",\"@id\":\"https:\/\/charlie-liveshow.com\/Tentation-erotique\/produit\/telephone-rose-charlie-camgirl\/#breadcrumb\",\"itemListElement\":[{\"@type\":\"ListItem\",\"position\":1,\"name\":\"Charlie r\u00e9veille vos sens\",\"item\":\"https:\/\/charlie-liveshow.com\/Tentation-erotique\/page-d-accueil-commerce\/\"},{\"@type\":\"ListItem\",\"position\":2,\"name\":\"Camgirl LIVESHOW\",\"item\":\"https:\/\/charlie-liveshow.com\/Tentation-erotique\/categorie-produit\/best-of-camgirl\/\"},{\"@type\":\"ListItem\",\"position\":3,\"name\":\"T\u00e9l\u00e9phone rose avec Charlie\"}]},{\"@type\":\"WebSite\",\"@id\":\"https:\/\/charlie-liveshow.com\/Tentation-erotique\/#website\",\"url\":\"https:\/\/charlie-liveshow.com\/Tentation-erotique\/\",\"name\":\"TENTATIONS \u00c9ROTIQUES par Charlie Liveshow\",\"description\":\"Eveillez vous \u00e0 l&#039;\u00e9rotisme\",\"publisher\":{\"@id\":\"https:\/\/charlie-liveshow.com\/Tentation-erotique\/#organization\"},\"potentialAction\":[{\"@type\":\"SearchAction\",\"target\":{\"@type\":\"EntryPoint\",\"urlTemplate\":\"https:\/\/charlie-liveshow.com\/Tentation-erotique\/?s={search_term_string}\"},\"query-input\":\"required name=search_term_string\"}],\"inLanguage\":\"fr-FR\"},{\"@type\":\"Organization\",\"@id\":\"https:\/\/charlie-liveshow.com\/Tentation-erotique\/#organization\",\"name\":\"charlie-liveshow\",\"url\":\"https:\/\/charlie-liveshow.com\/Tentation-erotique\/\",\"logo\":{\"@type\":\"ImageObject\",\"inLanguage\":\"fr-FR\",\"@id\":\"https:\/\/charlie-liveshow.com\/Tentation-erotique\/#\/schema\/logo\/image\/\",\"url\":\"https:\/\/charlie-liveshow.com\/Tentation-erotique\/wp-content\/uploads\/2013\/05\/Charlie_folies_logo.png\",\"contentUrl\":\"https:\/\/charlie-liveshow.com\/Tentation-erotique\/wp-content\/uploads\/2013\/05\/Charlie_folies_logo.png\",\"width\":210,\"height\":206,\"caption\":\"charlie-liveshow\"},\"image\":{\"@id\":\"https:\/\/charlie-liveshow.com\/Tentation-erotique\/#\/schema\/logo\/image\/\"},\"sameAs\":[\"https:\/\/www.facebook.com\/charlielivetantra\",\"https:\/\/twitter.com\/Charlieliveshow\",\"https:\/\/www.instagram.com\/charlie_liveshow\/\",\"https:\/\/www.youtube.com\/CharlieTantra\"]}]}<\/script>\n<!-- \/ Yoast SEO plugin. -->","yoast_head_json":{"title":"T\u00e9l\u00e9phone rose avec Charlie - Charlie TENTATIONS","description":"Amoureux du fantasme, adepte de l'imaginaire, le T\u00e9l\u00e9phone Rose sonne encore ! Humiliation, d\u00e9votion, excitation tout est acceptable. D\u00e9chaine tes envies","robots":{"index":"index","follow":"follow","max-snippet":"max-snippet:-1","max-image-preview":"max-image-preview:large","max-video-preview":"max-video-preview:-1"},"canonical":"https:\/\/charlie-liveshow.com\/Tentation-erotique\/produit\/telephone-rose-charlie-camgirl\/","og_locale":"fr_FR","og_type":"article","og_title":"T\u00e9l\u00e9phone rose avec Charlie - Charlie TENTATIONS","og_description":"Amoureux du fantasme, adepte de l'imaginaire, le T\u00e9l\u00e9phone Rose sonne encore ! Humiliation, d\u00e9votion, excitation tout est acceptable. D\u00e9chaine tes envies","og_url":"https:\/\/charlie-liveshow.com\/Tentation-erotique\/produit\/telephone-rose-charlie-camgirl\/","og_site_name":"TENTATIONS \u00c9ROTIQUES par Charlie Liveshow","article_publisher":"https:\/\/www.facebook.com\/charlielivetantra","article_modified_time":"2020-07-20T08:41:29+00:00","og_image":[{"width":678,"height":1024,"url":"https:\/\/charlie-liveshow.com\/Tentation-erotique\/wp-content\/uploads\/2018\/07\/telephone-rose-header.jpg","type":"image\/jpeg"}],"twitter_card":"summary_large_image","twitter_site":"@Charlieliveshow","schema":{"@context":"https:\/\/schema.org","@graph":[{"@type":"WebPage","@id":"https:\/\/charlie-liveshow.com\/Tentation-erotique\/produit\/telephone-rose-charlie-camgirl\/","url":"https:\/\/charlie-liveshow.com\/Tentation-erotique\/produit\/telephone-rose-charlie-camgirl\/","name":"T\u00e9l\u00e9phone rose avec Charlie - Charlie TENTATIONS","isPartOf":{"@id":"https:\/\/charlie-liveshow.com\/Tentation-erotique\/#website"},"datePublished":"2018-07-06T05:27:27+00:00","dateModified":"2020-07-20T08:41:29+00:00","description":"Amoureux du fantasme, adepte de l'imaginaire, le T\u00e9l\u00e9phone Rose sonne encore ! Humiliation, d\u00e9votion, excitation tout est acceptable. D\u00e9chaine tes envies","breadcrumb":{"@id":"https:\/\/charlie-liveshow.com\/Tentation-erotique\/produit\/telephone-rose-charlie-camgirl\/#breadcrumb"},"inLanguage":"fr-FR","potentialAction":[{"@type":"ReadAction","target":["https:\/\/charlie-liveshow.com\/Tentation-erotique\/produit\/telephone-rose-charlie-camgirl\/"]}]},{"@type":"BreadcrumbList","@id":"https:\/\/charlie-liveshow.com\/Tentation-erotique\/produit\/telephone-rose-charlie-camgirl\/#breadcrumb","itemListElement":[{"@type":"ListItem","position":1,"name":"Charlie r\u00e9veille vos sens","item":"https:\/\/charlie-liveshow.com\/Tentation-erotique\/page-d-accueil-commerce\/"},{"@type":"ListItem","position":2,"name":"Camgirl LIVESHOW","item":"https:\/\/charlie-liveshow.com\/Tentation-erotique\/categorie-produit\/best-of-camgirl\/"},{"@type":"ListItem","position":3,"name":"T\u00e9l\u00e9phone rose avec Charlie"}]},{"@type":"WebSite","@id":"https:\/\/charlie-liveshow.com\/Tentation-erotique\/#website","url":"https:\/\/charlie-liveshow.com\/Tentation-erotique\/","name":"TENTATIONS \u00c9ROTIQUES par Charlie Liveshow","description":"Eveillez vous \u00e0 l&#039;\u00e9rotisme","publisher":{"@id":"https:\/\/charlie-liveshow.com\/Tentation-erotique\/#organization"},"potentialAction":[{"@type":"SearchAction","target":{"@type":"EntryPoint","urlTemplate":"https:\/\/charlie-liveshow.com\/Tentation-erotique\/?s={search_term_string}"},"query-input":"required name=search_term_string"}],"inLanguage":"fr-FR"},{"@type":"Organization","@id":"https:\/\/charlie-liveshow.com\/Tentation-erotique\/#organization","name":"charlie-liveshow","url":"https:\/\/charlie-liveshow.com\/Tentation-erotique\/","logo":{"@type":"ImageObject","inLanguage":"fr-FR","@id":"https:\/\/charlie-liveshow.com\/Tentation-erotique\/#\/schema\/logo\/image\/","url":"https:\/\/charlie-liveshow.com\/Tentation-erotique\/wp-content\/uploads\/2013\/05\/Charlie_folies_logo.png","contentUrl":"https:\/\/charlie-liveshow.com\/Tentation-erotique\/wp-content\/uploads\/2013\/05\/Charlie_folies_logo.png","width":210,"height":206,"caption":"charlie-liveshow"},"image":{"@id":"https:\/\/charlie-liveshow.com\/Tentation-erotique\/#\/schema\/logo\/image\/"},"sameAs":["https:\/\/www.facebook.com\/charlielivetantra","https:\/\/twitter.com\/Charlieliveshow","https:\/\/www.instagram.com\/charlie_liveshow\/","https:\/\/www.youtube.com\/CharlieTantra"]}]}},"_links":{"self":[{"href":"https:\/\/charlie-liveshow.com\/Tentation-erotique\/wp-json\/wp\/v2\/product\/634"}],"collection":[{"href":"https:\/\/charlie-liveshow.com\/Tentation-erotique\/wp-json\/wp\/v2\/product"}],"about":[{"href":"https:\/\/charlie-liveshow.com\/Tentation-erotique\/wp-json\/wp\/v2\/types\/product"}],"replies":[{"embeddable":true,"href":"https:\/\/charlie-liveshow.com\/Tentation-erotique\/wp-json\/wp\/v2\/comments?post=634"}],"version-history":[{"count":0,"href":"https:\/\/charlie-liveshow.com\/Tentation-erotique\/wp-json\/wp\/v2\/product\/634\/revisions"}],"wp:featuredmedia":[{"embeddable":true,"href":"https:\/\/charlie-liveshow.com\/Tentation-erotique\/wp-json\/wp\/v2\/media\/633"}],"wp:attachment":[{"href":"https:\/\/charlie-liveshow.com\/Tentation-erotique\/wp-json\/wp\/v2\/media?parent=634"}],"wp:term":[{"taxonomy":"product_cat","embeddable":true,"href":"https:\/\/charlie-liveshow.com\/Tentation-erotique\/wp-json\/wp\/v2\/product_cat?post=634"},{"taxonomy":"product_tag","embeddable":true,"href":"https:\/\/charlie-liveshow.com\/Tentation-erotique\/wp-json\/wp\/v2\/product_tag?post=634"}],"curies":[{"name":"wp","href":"https:\/\/api.w.org\/{rel}","templated":true}]}}