{"id":44048,"date":"2021-08-18T10:25:55","date_gmt":"2021-08-18T08:25:55","guid":{"rendered":"https:\/\/charlie-liveshow.com\/Tentation-erotique\/?post_type=product&#038;p=44048"},"modified":"2021-08-18T12:15:23","modified_gmt":"2021-08-18T10:15:23","slug":"masturbation-avec-un-concombre-anal-charlie","status":"publish","type":"product","link":"https:\/\/charlie-liveshow.com\/Tentation-erotique\/produit\/masturbation-avec-un-concombre-anal-charlie\/","title":{"rendered":"Salade fraicheur &#8211; Masturbation avec un concombre dans le cul"},"content":{"rendered":"<div id=\"note\">\n<div class=\"su-button-center\"><a href=\"https:\/\/www.manyvids.com\/Activity\/CharlieLiveshow\/1002238475\" class=\"su-button su-button-style-flat su-button-wide\" style=\"color:#fff;background-color:#d10034;border-color:#a8002a;border-radius:0px;-moz-border-radius:0px;-webkit-border-radius:0px\" target=\"_blank\" rel=\"nofollow\"><span style=\"color:#fff;padding:9px 30px;font-size:22px;line-height:33px;border-color:#df4d71;border-radius:0px;-moz-border-radius:0px;-webkit-border-radius:0px;text-shadow:0px 0px 0px #ed1e79;-moz-text-shadow:0px 0px 0px #ed1e79;-webkit-text-shadow:0px 0px 0px #ed1e79\"><i class=\"sui sui-bell-o\" style=\"font-size:22px;color:#fff\"><\/i> Gratuit pour mes MEMBERSHIP<\/span><\/a><\/div>\n<h2 class=\"card-title mb-0\">Salade fraicheur, un concombre dans le cul<\/h2>\n<p>C&rsquo;est l&rsquo;\u00e9t\u00e9 il fait chaud, on a besoin de fraicheur. J&rsquo;ai besoin de fraicheur au plus profond de moi &#8230; Un grand classique de l&rsquo;\u00e9t\u00e9, la baise avec un l\u00e9gume de saison et moi celui que je pr\u00e9f\u00e8re c&rsquo;est LE CONCOMBRE !\ud83d\ude1c En vaginal ou en me sodomisant cet \u00e9norme l\u00e9gume vient me r\u00e9chauffer dans tous les trous.En plus pour une fois c&rsquo;est du porno sans maltraitance animale et totalement d\u00e9pourvu de plastique ! Quoi ?! Les hommes ne sont pas des animaux ? L&rsquo;\u00e9cologie pornographique existe, la preuve ! \ud83e\udd23<\/p>\n<p><strong>Mais, au fait, je ne voulais pas une salade fraicheur moi au d\u00e9part ?<\/strong><\/p>\n<div style=\"width: 640px;\" class=\"wp-video\"><!--[if lt IE 9]><script>document.createElement('video');<\/script><![endif]-->\n<video class=\"wp-video-shortcode\" id=\"video-44048-1\" width=\"640\" height=\"360\" preload=\"metadata\" controls=\"controls\"><source type=\"video\/mp4\" src=\"https:\/\/charlie-liveshow.com\/Tentation-erotique\/wp-content\/uploads\/video\/concombre-demasuqe-2021_teaser_65s.mp4?_=1\" \/><a href=\"https:\/\/charlie-liveshow.com\/Tentation-erotique\/wp-content\/uploads\/video\/concombre-demasuqe-2021_teaser_65s.mp4\">https:\/\/charlie-liveshow.com\/Tentation-erotique\/wp-content\/uploads\/video\/concombre-demasuqe-2021_teaser_65s.mp4<\/a><\/video><\/div>\n<\/div>\n<div>\n<h4>Mots-cl\u00e9s de la vid\u00e9o : FOOD MASTURBATION<\/h4>\n<span class=\"su-label su-label-type-important\">INSERTION<\/span> &#8211; <span class=\"su-label su-label-type-important\">ANAL<\/span> &#8211; <span class=\"su-label su-label-type-success\">FOOD PORN<\/span> &#8211; <span class=\"su-label su-label-type-success\">masturbation<\/span> &#8211; For (hot) adult only !<\/p>\n<h4>Fiche technique<\/h4>\n<p><strong>Dur\u00e9e : <\/strong>15 min &#8211; Format : .MP4 &#8211; Taille : 406 MB &#8211; R\u00e9solution : 1920&#215;1080 HD<\/p>\n<p><strong>Retrouve plus de vid\u00e9o sur ma cha\u00eene <\/strong><a href=\"https:\/\/fr.pornhub.com\/model\/charlie-liveshow\" target=\"_blank\" rel=\"noopener noreferrer\"><strong>PORNHUB.<\/strong><\/a><\/p>\n<p>&nbsp;<\/p>\n<\/div>\n","protected":false},"excerpt":{"rendered":"<div class=\"row\">\n<div class=\"col-12 col-md\">\n<p><strong>Une vid\u00e9o estivale de masturbation avec l\u00e9gumes. J&rsquo;adore le concombre donc je me baise dans tous les sens avec un superbe \u00ab\u00a0g\u00e9ant vert\u00a0\u00bb. Une vid\u00e9o porno avec 0 silicone et sans maltraitance animale&#8230; Ben quoi les zommes ne sont pas des animaux ?<br \/>\n<\/strong><\/p>\n<\/div>\n<\/div>\n<div class=\"su-button-center\"><a href=\"https:\/\/mym.fans\/Charlieliveshow\" class=\"su-button su-button-style-flat su-button-wide\" style=\"color:#fff;background-color:#d10034;border-color:#a8002a;border-radius:0px;-moz-border-radius:0px;-webkit-border-radius:0px\" target=\"_blank\" rel=\"nofollow\"><span style=\"color:#fff;padding:8px 26px;font-size:20px;line-height:30px;border-color:#df4d71;border-radius:0px;-moz-border-radius:0px;-webkit-border-radius:0px;text-shadow:0px 0px 0px #ed1e79;-moz-text-shadow:0px 0px 0px #ed1e79;-webkit-text-shadow:0px 0px 0px #ed1e79\"><i class=\"sui sui-bell-o\" style=\"font-size:20px;color:#fff\"><\/i> Gratuit sur mon MYM<\/span><\/a><\/div>\n<p>&nbsp;<\/p>\n","protected":false},"featured_media":44049,"comment_status":"open","ping_status":"closed","template":"","meta":{"ub_ctt_via":""},"product_cat":[53],"product_tag":[43,54,154],"yoast_head":"<!-- This site is optimized with the Yoast SEO plugin v22.0 - https:\/\/yoast.com\/wordpress\/plugins\/seo\/ -->\n<title>Salade fraicheur - Masturbation avec un concombre dans le cul<\/title>\n<meta name=\"description\" content=\"Une vid\u00e9o estivale de masturbation avec l\u00e9gumes. J&#039;adore le concombre donc je me baise dans tous les sens avec un superbe &quot;g\u00e9ant vert&quot;. Une vid\u00e9o porno avec 0 silicone et sans maltraitance animale... Ben quoi les zommes ne sont pas des animaux ?       &nbsp;\" \/>\n<meta name=\"robots\" content=\"index, follow, max-snippet:-1, max-image-preview:large, max-video-preview:-1\" \/>\n<link rel=\"canonical\" href=\"https:\/\/charlie-liveshow.com\/Tentation-erotique\/produit\/masturbation-avec-un-concombre-anal-charlie\/\" \/>\n<meta property=\"og:locale\" content=\"fr_FR\" \/>\n<meta property=\"og:type\" content=\"article\" \/>\n<meta property=\"og:title\" content=\"Salade fraicheur - Masturbation avec un concombre dans le cul\" \/>\n<meta property=\"og:description\" content=\"Une vid\u00e9o estivale de masturbation avec l\u00e9gumes. J&#039;adore le concombre donc je me baise dans tous les sens avec un superbe &quot;g\u00e9ant vert&quot;. Une vid\u00e9o porno avec 0 silicone et sans maltraitance animale... Ben quoi les zommes ne sont pas des animaux ?       &nbsp;\" \/>\n<meta property=\"og:url\" content=\"https:\/\/charlie-liveshow.com\/Tentation-erotique\/produit\/masturbation-avec-un-concombre-anal-charlie\/\" \/>\n<meta property=\"og:site_name\" content=\"TENTATIONS \u00c9ROTIQUES par Charlie Liveshow\" \/>\n<meta property=\"article:publisher\" content=\"https:\/\/www.facebook.com\/charlielivetantra\" \/>\n<meta property=\"article:modified_time\" content=\"2021-08-18T10:15:23+00:00\" \/>\n<meta property=\"og:image\" content=\"https:\/\/charlie-liveshow.com\/Tentation-erotique\/wp-content\/uploads\/2021\/08\/salade-fraicheur-tres-chaude-concombre-2021_1024.jpg\" \/>\n\t<meta property=\"og:image:width\" content=\"1024\" \/>\n\t<meta property=\"og:image:height\" content=\"678\" \/>\n\t<meta property=\"og:image:type\" content=\"image\/jpeg\" \/>\n<meta name=\"twitter:card\" content=\"summary_large_image\" \/>\n<meta name=\"twitter:site\" content=\"@Charlieliveshow\" \/>\n<meta name=\"twitter:label1\" content=\"Dur\u00e9e de lecture estim\u00e9e\" \/>\n\t<meta name=\"twitter:data1\" content=\"1 minute\" \/>\n<script type=\"application\/ld+json\" class=\"yoast-schema-graph\">{\"@context\":\"https:\/\/schema.org\",\"@graph\":[{\"@type\":\"WebPage\",\"@id\":\"https:\/\/charlie-liveshow.com\/Tentation-erotique\/produit\/masturbation-avec-un-concombre-anal-charlie\/\",\"url\":\"https:\/\/charlie-liveshow.com\/Tentation-erotique\/produit\/masturbation-avec-un-concombre-anal-charlie\/\",\"name\":\"Salade fraicheur - Masturbation avec un concombre dans le cul\",\"isPartOf\":{\"@id\":\"https:\/\/charlie-liveshow.com\/Tentation-erotique\/#website\"},\"datePublished\":\"2021-08-18T08:25:55+00:00\",\"dateModified\":\"2021-08-18T10:15:23+00:00\",\"description\":\"Une vid\u00e9o estivale de masturbation avec l\u00e9gumes. J'adore le concombre donc je me baise dans tous les sens avec un superbe \\\"g\u00e9ant vert\\\". Une vid\u00e9o porno avec 0 silicone et sans maltraitance animale... Ben quoi les zommes ne sont pas des animaux ? &nbsp;\",\"breadcrumb\":{\"@id\":\"https:\/\/charlie-liveshow.com\/Tentation-erotique\/produit\/masturbation-avec-un-concombre-anal-charlie\/#breadcrumb\"},\"inLanguage\":\"fr-FR\",\"potentialAction\":[{\"@type\":\"ReadAction\",\"target\":[\"https:\/\/charlie-liveshow.com\/Tentation-erotique\/produit\/masturbation-avec-un-concombre-anal-charlie\/\"]}]},{\"@type\":\"BreadcrumbList\",\"@id\":\"https:\/\/charlie-liveshow.com\/Tentation-erotique\/produit\/masturbation-avec-un-concombre-anal-charlie\/#breadcrumb\",\"itemListElement\":[{\"@type\":\"ListItem\",\"position\":1,\"name\":\"Charlie r\u00e9veille vos sens\",\"item\":\"https:\/\/charlie-liveshow.com\/Tentation-erotique\/page-d-accueil-commerce\/\"},{\"@type\":\"ListItem\",\"position\":2,\"name\":\"Vid\u00e9os xXx\",\"item\":\"https:\/\/charlie-liveshow.com\/Tentation-erotique\/categorie-produit\/videos-x-amateur-charlie\/\"},{\"@type\":\"ListItem\",\"position\":3,\"name\":\"Salade fraicheur &#8211; Masturbation avec un concombre dans le cul\"}]},{\"@type\":\"WebSite\",\"@id\":\"https:\/\/charlie-liveshow.com\/Tentation-erotique\/#website\",\"url\":\"https:\/\/charlie-liveshow.com\/Tentation-erotique\/\",\"name\":\"TENTATIONS \u00c9ROTIQUES par Charlie Liveshow\",\"description\":\"Eveillez vous \u00e0 l&#039;\u00e9rotisme\",\"publisher\":{\"@id\":\"https:\/\/charlie-liveshow.com\/Tentation-erotique\/#organization\"},\"potentialAction\":[{\"@type\":\"SearchAction\",\"target\":{\"@type\":\"EntryPoint\",\"urlTemplate\":\"https:\/\/charlie-liveshow.com\/Tentation-erotique\/?s={search_term_string}\"},\"query-input\":\"required name=search_term_string\"}],\"inLanguage\":\"fr-FR\"},{\"@type\":\"Organization\",\"@id\":\"https:\/\/charlie-liveshow.com\/Tentation-erotique\/#organization\",\"name\":\"charlie-liveshow\",\"url\":\"https:\/\/charlie-liveshow.com\/Tentation-erotique\/\",\"logo\":{\"@type\":\"ImageObject\",\"inLanguage\":\"fr-FR\",\"@id\":\"https:\/\/charlie-liveshow.com\/Tentation-erotique\/#\/schema\/logo\/image\/\",\"url\":\"https:\/\/charlie-liveshow.com\/Tentation-erotique\/wp-content\/uploads\/2013\/05\/Charlie_folies_logo.png\",\"contentUrl\":\"https:\/\/charlie-liveshow.com\/Tentation-erotique\/wp-content\/uploads\/2013\/05\/Charlie_folies_logo.png\",\"width\":210,\"height\":206,\"caption\":\"charlie-liveshow\"},\"image\":{\"@id\":\"https:\/\/charlie-liveshow.com\/Tentation-erotique\/#\/schema\/logo\/image\/\"},\"sameAs\":[\"https:\/\/www.facebook.com\/charlielivetantra\",\"https:\/\/twitter.com\/Charlieliveshow\",\"https:\/\/www.instagram.com\/charlie_liveshow\/\",\"https:\/\/www.youtube.com\/CharlieTantra\"]}]}<\/script>\n<!-- \/ Yoast SEO plugin. -->","yoast_head_json":{"title":"Salade fraicheur - Masturbation avec un concombre dans le cul","description":"Une vid\u00e9o estivale de masturbation avec l\u00e9gumes. J'adore le concombre donc je me baise dans tous les sens avec un superbe \"g\u00e9ant vert\". Une vid\u00e9o porno avec 0 silicone et sans maltraitance animale... Ben quoi les zommes ne sont pas des animaux ?       &nbsp;","robots":{"index":"index","follow":"follow","max-snippet":"max-snippet:-1","max-image-preview":"max-image-preview:large","max-video-preview":"max-video-preview:-1"},"canonical":"https:\/\/charlie-liveshow.com\/Tentation-erotique\/produit\/masturbation-avec-un-concombre-anal-charlie\/","og_locale":"fr_FR","og_type":"article","og_title":"Salade fraicheur - Masturbation avec un concombre dans le cul","og_description":"Une vid\u00e9o estivale de masturbation avec l\u00e9gumes. J'adore le concombre donc je me baise dans tous les sens avec un superbe \"g\u00e9ant vert\". Une vid\u00e9o porno avec 0 silicone et sans maltraitance animale... Ben quoi les zommes ne sont pas des animaux ?       &nbsp;","og_url":"https:\/\/charlie-liveshow.com\/Tentation-erotique\/produit\/masturbation-avec-un-concombre-anal-charlie\/","og_site_name":"TENTATIONS \u00c9ROTIQUES par Charlie Liveshow","article_publisher":"https:\/\/www.facebook.com\/charlielivetantra","article_modified_time":"2021-08-18T10:15:23+00:00","og_image":[{"width":1024,"height":678,"url":"https:\/\/charlie-liveshow.com\/Tentation-erotique\/wp-content\/uploads\/2021\/08\/salade-fraicheur-tres-chaude-concombre-2021_1024.jpg","type":"image\/jpeg"}],"twitter_card":"summary_large_image","twitter_site":"@Charlieliveshow","twitter_misc":{"Dur\u00e9e de lecture estim\u00e9e":"1 minute"},"schema":{"@context":"https:\/\/schema.org","@graph":[{"@type":"WebPage","@id":"https:\/\/charlie-liveshow.com\/Tentation-erotique\/produit\/masturbation-avec-un-concombre-anal-charlie\/","url":"https:\/\/charlie-liveshow.com\/Tentation-erotique\/produit\/masturbation-avec-un-concombre-anal-charlie\/","name":"Salade fraicheur - Masturbation avec un concombre dans le cul","isPartOf":{"@id":"https:\/\/charlie-liveshow.com\/Tentation-erotique\/#website"},"datePublished":"2021-08-18T08:25:55+00:00","dateModified":"2021-08-18T10:15:23+00:00","description":"Une vid\u00e9o estivale de masturbation avec l\u00e9gumes. J'adore le concombre donc je me baise dans tous les sens avec un superbe \"g\u00e9ant vert\". Une vid\u00e9o porno avec 0 silicone et sans maltraitance animale... Ben quoi les zommes ne sont pas des animaux ? &nbsp;","breadcrumb":{"@id":"https:\/\/charlie-liveshow.com\/Tentation-erotique\/produit\/masturbation-avec-un-concombre-anal-charlie\/#breadcrumb"},"inLanguage":"fr-FR","potentialAction":[{"@type":"ReadAction","target":["https:\/\/charlie-liveshow.com\/Tentation-erotique\/produit\/masturbation-avec-un-concombre-anal-charlie\/"]}]},{"@type":"BreadcrumbList","@id":"https:\/\/charlie-liveshow.com\/Tentation-erotique\/produit\/masturbation-avec-un-concombre-anal-charlie\/#breadcrumb","itemListElement":[{"@type":"ListItem","position":1,"name":"Charlie r\u00e9veille vos sens","item":"https:\/\/charlie-liveshow.com\/Tentation-erotique\/page-d-accueil-commerce\/"},{"@type":"ListItem","position":2,"name":"Vid\u00e9os xXx","item":"https:\/\/charlie-liveshow.com\/Tentation-erotique\/categorie-produit\/videos-x-amateur-charlie\/"},{"@type":"ListItem","position":3,"name":"Salade fraicheur &#8211; Masturbation avec un concombre dans le cul"}]},{"@type":"WebSite","@id":"https:\/\/charlie-liveshow.com\/Tentation-erotique\/#website","url":"https:\/\/charlie-liveshow.com\/Tentation-erotique\/","name":"TENTATIONS \u00c9ROTIQUES par Charlie Liveshow","description":"Eveillez vous \u00e0 l&#039;\u00e9rotisme","publisher":{"@id":"https:\/\/charlie-liveshow.com\/Tentation-erotique\/#organization"},"potentialAction":[{"@type":"SearchAction","target":{"@type":"EntryPoint","urlTemplate":"https:\/\/charlie-liveshow.com\/Tentation-erotique\/?s={search_term_string}"},"query-input":"required name=search_term_string"}],"inLanguage":"fr-FR"},{"@type":"Organization","@id":"https:\/\/charlie-liveshow.com\/Tentation-erotique\/#organization","name":"charlie-liveshow","url":"https:\/\/charlie-liveshow.com\/Tentation-erotique\/","logo":{"@type":"ImageObject","inLanguage":"fr-FR","@id":"https:\/\/charlie-liveshow.com\/Tentation-erotique\/#\/schema\/logo\/image\/","url":"https:\/\/charlie-liveshow.com\/Tentation-erotique\/wp-content\/uploads\/2013\/05\/Charlie_folies_logo.png","contentUrl":"https:\/\/charlie-liveshow.com\/Tentation-erotique\/wp-content\/uploads\/2013\/05\/Charlie_folies_logo.png","width":210,"height":206,"caption":"charlie-liveshow"},"image":{"@id":"https:\/\/charlie-liveshow.com\/Tentation-erotique\/#\/schema\/logo\/image\/"},"sameAs":["https:\/\/www.facebook.com\/charlielivetantra","https:\/\/twitter.com\/Charlieliveshow","https:\/\/www.instagram.com\/charlie_liveshow\/","https:\/\/www.youtube.com\/CharlieTantra"]}]}},"_links":{"self":[{"href":"https:\/\/charlie-liveshow.com\/Tentation-erotique\/wp-json\/wp\/v2\/product\/44048"}],"collection":[{"href":"https:\/\/charlie-liveshow.com\/Tentation-erotique\/wp-json\/wp\/v2\/product"}],"about":[{"href":"https:\/\/charlie-liveshow.com\/Tentation-erotique\/wp-json\/wp\/v2\/types\/product"}],"replies":[{"embeddable":true,"href":"https:\/\/charlie-liveshow.com\/Tentation-erotique\/wp-json\/wp\/v2\/comments?post=44048"}],"version-history":[{"count":1,"href":"https:\/\/charlie-liveshow.com\/Tentation-erotique\/wp-json\/wp\/v2\/product\/44048\/revisions"}],"predecessor-version":[{"id":44050,"href":"https:\/\/charlie-liveshow.com\/Tentation-erotique\/wp-json\/wp\/v2\/product\/44048\/revisions\/44050"}],"wp:featuredmedia":[{"embeddable":true,"href":"https:\/\/charlie-liveshow.com\/Tentation-erotique\/wp-json\/wp\/v2\/media\/44049"}],"wp:attachment":[{"href":"https:\/\/charlie-liveshow.com\/Tentation-erotique\/wp-json\/wp\/v2\/media?parent=44048"}],"wp:term":[{"taxonomy":"product_cat","embeddable":true,"href":"https:\/\/charlie-liveshow.com\/Tentation-erotique\/wp-json\/wp\/v2\/product_cat?post=44048"},{"taxonomy":"product_tag","embeddable":true,"href":"https:\/\/charlie-liveshow.com\/Tentation-erotique\/wp-json\/wp\/v2\/product_tag?post=44048"}],"curies":[{"name":"wp","href":"https:\/\/api.w.org\/{rel}","templated":true}]}}