{"id":43724,"date":"2021-03-22T12:04:04","date_gmt":"2021-03-22T11:04:04","guid":{"rendered":"https:\/\/charlie-liveshow.com\/Tentation-erotique\/?post_type=product&#038;p=43724"},"modified":"2021-03-22T12:54:38","modified_gmt":"2021-03-22T11:54:38","slug":"making-of-shooting-erotique","status":"publish","type":"product","link":"https:\/\/charlie-liveshow.com\/Tentation-erotique\/produit\/making-of-shooting-erotique\/","title":{"rendered":"Making-of d&rsquo;un shooting \u00e9rotique, une s\u00e9ance qui d\u00e9rape"},"content":{"rendered":"<div id=\"note\">\n<div class=\"row\">\n<div class=\"col-12 col-md\">\n<h2 class=\"card-title mb-0\">Making-of d&rsquo;un shooting photo qui d\u00e9rape<\/h2>\n<\/div>\n<\/div>\n<p>Une vid\u00e9o MAKING OF tr\u00e8s chaude pour vous faire vivre les dessous d&rsquo;une des s\u00e9ances de photos \u00e9rotiques. Peut-\u00eatre un jour j&rsquo;inviterais certains de mes fans \u00e0 y assister un peu comme j&rsquo;avais fais le <a href=\"https:\/\/www.manyvids.com\/StoreItem\/404794\/showcase-porn-la-factory-pack-3-vids\/\" target=\"_blank\" rel=\"noopener\">LIVE chez Mr Z<\/a> \u00e0 <a href=\"https:\/\/charlie-liveshow.com\/Tentation-erotique\/produit\/show-live-la-factory-gangbang\/\">La Factory<\/a> mais en attendant vous avez l&rsquo;occasion de voir les vrais coulisses d&rsquo;un shooting de photos \u00e9rotiques. Pas de montage, juste la s\u00e9rie de clich\u00e9s hot et le moment ou je d\u00e9cide de chauffer le photographe qui bien sur ne r\u00e9siste pas longtemps avant de sortir sa grosse bite que j&rsquo;ai ador\u00e9 sucer goulument.<\/p>\n<p><strong>Retrouve plus de vid\u00e9o sur ma cha\u00eene <\/strong><a href=\"https:\/\/www.modelhub.com\/charlie-liveshow?t=ts\" target=\"_blank\" rel=\"noopener noreferrer\"><strong>PORNHUB.<\/strong><\/a><\/p>\n<h4>Mots-cl\u00e9s de la vid\u00e9o : \u00e9rotique &#8211; blowjob &#8211; voyeur<\/h4>\n<span class=\"su-label su-label-type-important\">EROTIQUE<\/span> &#8211; <span class=\"su-label su-label-type-success\">DANCE<\/span> &#8211; <span class=\"su-label su-label-type-success\">fellation<\/span> &#8211; <span class=\"su-label su-label-type-info\">Making-of<\/span> &#8211; For (hot) adult only !<\/p>\n<h4>Fiche technique<\/h4>\n<p><strong>DUR\u00c9E : <\/strong>20:54 min &#8211; <strong>FORMAT :<\/strong> .MP4 &#8211; <strong>TAILLE :<\/strong> 709.10 MB &#8211; <strong>QUALIT\u00c9 :<\/strong> 1920&#215;1080 HD<\/p>\n<p>&nbsp;<\/p>\n<\/div>\n","protected":false},"excerpt":{"rendered":"<div class=\"row\">\n<div class=\"col-12 col-md\">\n<p>SPECIAL MAKING-OF et fan de Charlie. Participe \u00e0 un de mes shooting de photo hot comme si tu \u00e9tais pr\u00e9sent. Tu vas adorer cet instant sensuel ou je chauffe le photographe pour l&rsquo;obliger \u00e0 se faire sucer bien \u00e0 fond.<\/p>\n<p><a href=\"https:\/\/www.manyvids.com\/Video\/2641218\/Erotic-shooting-amp-suck\/\" target=\"_blank\" rel=\"noopener\">VOIR LE TEASER SUR MANYVIDS<\/a><\/p>\n<\/div>\n<\/div>\n<p><strong>Dur\u00e9e : 20 minutes de shooting \u00e9rotique et de danse sensuelle pour finir avec une bite dans la bouche<br \/>\n<\/strong><\/p>\n<p>&nbsp;<\/p>\n","protected":false},"featured_media":43726,"comment_status":"open","ping_status":"closed","template":"","meta":{"ub_ctt_via":""},"product_cat":[53],"product_tag":[23,178,38],"yoast_head":"<!-- This site is optimized with the Yoast SEO plugin v22.0 - https:\/\/yoast.com\/wordpress\/plugins\/seo\/ -->\n<title>Making-of d&#039;un shooting \u00e9rotique, une s\u00e9ance qui d\u00e9rape<\/title>\n<meta name=\"description\" content=\"SPECIAL MAKING-OF et fan de Charlie. Participe \u00e0 un de mes shooting de photo hot comme si tu \u00e9tais pr\u00e9sent. Tu vas adorer cet instant sensuel ou je chauffe le photographe pour l&#039;obliger \u00e0 se faire sucer bien \u00e0 fond.  VOIR LE TEASER SUR MANYVIDS    Dur\u00e9e : 20 minutes de shooting \u00e9rotique et de danse sensuelle pour finir avec une bite dans la bouche   &nbsp;\" \/>\n<meta name=\"robots\" content=\"index, follow, max-snippet:-1, max-image-preview:large, max-video-preview:-1\" \/>\n<link rel=\"canonical\" href=\"https:\/\/charlie-liveshow.com\/Tentation-erotique\/produit\/making-of-shooting-erotique\/\" \/>\n<meta property=\"og:locale\" content=\"fr_FR\" \/>\n<meta property=\"og:type\" content=\"article\" \/>\n<meta property=\"og:title\" content=\"Making-of d&#039;un shooting \u00e9rotique, une s\u00e9ance qui d\u00e9rape\" \/>\n<meta property=\"og:description\" content=\"SPECIAL MAKING-OF et fan de Charlie. Participe \u00e0 un de mes shooting de photo hot comme si tu \u00e9tais pr\u00e9sent. Tu vas adorer cet instant sensuel ou je chauffe le photographe pour l&#039;obliger \u00e0 se faire sucer bien \u00e0 fond.  VOIR LE TEASER SUR MANYVIDS    Dur\u00e9e : 20 minutes de shooting \u00e9rotique et de danse sensuelle pour finir avec une bite dans la bouche   &nbsp;\" \/>\n<meta property=\"og:url\" content=\"https:\/\/charlie-liveshow.com\/Tentation-erotique\/produit\/making-of-shooting-erotique\/\" \/>\n<meta property=\"og:site_name\" content=\"TENTATIONS \u00c9ROTIQUES par Charlie Liveshow\" \/>\n<meta property=\"article:publisher\" content=\"https:\/\/www.facebook.com\/charlielivetantra\" \/>\n<meta property=\"article:modified_time\" content=\"2021-03-22T11:54:38+00:00\" \/>\n<meta property=\"og:image\" content=\"https:\/\/charlie-liveshow.com\/Tentation-erotique\/wp-content\/uploads\/2021\/03\/erotic-shooting-suck-harder_1024.jpg\" \/>\n\t<meta property=\"og:image:width\" content=\"1024\" \/>\n\t<meta property=\"og:image:height\" content=\"678\" \/>\n\t<meta property=\"og:image:type\" content=\"image\/jpeg\" \/>\n<meta name=\"twitter:card\" content=\"summary_large_image\" \/>\n<meta name=\"twitter:site\" content=\"@Charlieliveshow\" \/>\n<meta name=\"twitter:label1\" content=\"Dur\u00e9e de lecture estim\u00e9e\" \/>\n\t<meta name=\"twitter:data1\" content=\"1 minute\" \/>\n<script type=\"application\/ld+json\" class=\"yoast-schema-graph\">{\"@context\":\"https:\/\/schema.org\",\"@graph\":[{\"@type\":\"WebPage\",\"@id\":\"https:\/\/charlie-liveshow.com\/Tentation-erotique\/produit\/making-of-shooting-erotique\/\",\"url\":\"https:\/\/charlie-liveshow.com\/Tentation-erotique\/produit\/making-of-shooting-erotique\/\",\"name\":\"Making-of d'un shooting \u00e9rotique, une s\u00e9ance qui d\u00e9rape\",\"isPartOf\":{\"@id\":\"https:\/\/charlie-liveshow.com\/Tentation-erotique\/#website\"},\"datePublished\":\"2021-03-22T11:04:04+00:00\",\"dateModified\":\"2021-03-22T11:54:38+00:00\",\"description\":\"SPECIAL MAKING-OF et fan de Charlie. Participe \u00e0 un de mes shooting de photo hot comme si tu \u00e9tais pr\u00e9sent. Tu vas adorer cet instant sensuel ou je chauffe le photographe pour l'obliger \u00e0 se faire sucer bien \u00e0 fond. VOIR LE TEASER SUR MANYVIDS Dur\u00e9e : 20 minutes de shooting \u00e9rotique et de danse sensuelle pour finir avec une bite dans la bouche &nbsp;\",\"breadcrumb\":{\"@id\":\"https:\/\/charlie-liveshow.com\/Tentation-erotique\/produit\/making-of-shooting-erotique\/#breadcrumb\"},\"inLanguage\":\"fr-FR\",\"potentialAction\":[{\"@type\":\"ReadAction\",\"target\":[\"https:\/\/charlie-liveshow.com\/Tentation-erotique\/produit\/making-of-shooting-erotique\/\"]}]},{\"@type\":\"BreadcrumbList\",\"@id\":\"https:\/\/charlie-liveshow.com\/Tentation-erotique\/produit\/making-of-shooting-erotique\/#breadcrumb\",\"itemListElement\":[{\"@type\":\"ListItem\",\"position\":1,\"name\":\"Charlie r\u00e9veille vos sens\",\"item\":\"https:\/\/charlie-liveshow.com\/Tentation-erotique\/page-d-accueil-commerce\/\"},{\"@type\":\"ListItem\",\"position\":2,\"name\":\"Vid\u00e9os xXx\",\"item\":\"https:\/\/charlie-liveshow.com\/Tentation-erotique\/categorie-produit\/videos-x-amateur-charlie\/\"},{\"@type\":\"ListItem\",\"position\":3,\"name\":\"Making-of d&rsquo;un shooting \u00e9rotique, une s\u00e9ance qui d\u00e9rape\"}]},{\"@type\":\"WebSite\",\"@id\":\"https:\/\/charlie-liveshow.com\/Tentation-erotique\/#website\",\"url\":\"https:\/\/charlie-liveshow.com\/Tentation-erotique\/\",\"name\":\"TENTATIONS \u00c9ROTIQUES par Charlie Liveshow\",\"description\":\"Eveillez vous \u00e0 l&#039;\u00e9rotisme\",\"publisher\":{\"@id\":\"https:\/\/charlie-liveshow.com\/Tentation-erotique\/#organization\"},\"potentialAction\":[{\"@type\":\"SearchAction\",\"target\":{\"@type\":\"EntryPoint\",\"urlTemplate\":\"https:\/\/charlie-liveshow.com\/Tentation-erotique\/?s={search_term_string}\"},\"query-input\":\"required name=search_term_string\"}],\"inLanguage\":\"fr-FR\"},{\"@type\":\"Organization\",\"@id\":\"https:\/\/charlie-liveshow.com\/Tentation-erotique\/#organization\",\"name\":\"charlie-liveshow\",\"url\":\"https:\/\/charlie-liveshow.com\/Tentation-erotique\/\",\"logo\":{\"@type\":\"ImageObject\",\"inLanguage\":\"fr-FR\",\"@id\":\"https:\/\/charlie-liveshow.com\/Tentation-erotique\/#\/schema\/logo\/image\/\",\"url\":\"https:\/\/charlie-liveshow.com\/Tentation-erotique\/wp-content\/uploads\/2013\/05\/Charlie_folies_logo.png\",\"contentUrl\":\"https:\/\/charlie-liveshow.com\/Tentation-erotique\/wp-content\/uploads\/2013\/05\/Charlie_folies_logo.png\",\"width\":210,\"height\":206,\"caption\":\"charlie-liveshow\"},\"image\":{\"@id\":\"https:\/\/charlie-liveshow.com\/Tentation-erotique\/#\/schema\/logo\/image\/\"},\"sameAs\":[\"https:\/\/www.facebook.com\/charlielivetantra\",\"https:\/\/twitter.com\/Charlieliveshow\",\"https:\/\/www.instagram.com\/charlie_liveshow\/\",\"https:\/\/www.youtube.com\/CharlieTantra\"]}]}<\/script>\n<!-- \/ Yoast SEO plugin. -->","yoast_head_json":{"title":"Making-of d'un shooting \u00e9rotique, une s\u00e9ance qui d\u00e9rape","description":"SPECIAL MAKING-OF et fan de Charlie. Participe \u00e0 un de mes shooting de photo hot comme si tu \u00e9tais pr\u00e9sent. Tu vas adorer cet instant sensuel ou je chauffe le photographe pour l'obliger \u00e0 se faire sucer bien \u00e0 fond.  VOIR LE TEASER SUR MANYVIDS    Dur\u00e9e : 20 minutes de shooting \u00e9rotique et de danse sensuelle pour finir avec une bite dans la bouche   &nbsp;","robots":{"index":"index","follow":"follow","max-snippet":"max-snippet:-1","max-image-preview":"max-image-preview:large","max-video-preview":"max-video-preview:-1"},"canonical":"https:\/\/charlie-liveshow.com\/Tentation-erotique\/produit\/making-of-shooting-erotique\/","og_locale":"fr_FR","og_type":"article","og_title":"Making-of d'un shooting \u00e9rotique, une s\u00e9ance qui d\u00e9rape","og_description":"SPECIAL MAKING-OF et fan de Charlie. Participe \u00e0 un de mes shooting de photo hot comme si tu \u00e9tais pr\u00e9sent. Tu vas adorer cet instant sensuel ou je chauffe le photographe pour l'obliger \u00e0 se faire sucer bien \u00e0 fond.  VOIR LE TEASER SUR MANYVIDS    Dur\u00e9e : 20 minutes de shooting \u00e9rotique et de danse sensuelle pour finir avec une bite dans la bouche   &nbsp;","og_url":"https:\/\/charlie-liveshow.com\/Tentation-erotique\/produit\/making-of-shooting-erotique\/","og_site_name":"TENTATIONS \u00c9ROTIQUES par Charlie Liveshow","article_publisher":"https:\/\/www.facebook.com\/charlielivetantra","article_modified_time":"2021-03-22T11:54:38+00:00","og_image":[{"width":1024,"height":678,"url":"https:\/\/charlie-liveshow.com\/Tentation-erotique\/wp-content\/uploads\/2021\/03\/erotic-shooting-suck-harder_1024.jpg","type":"image\/jpeg"}],"twitter_card":"summary_large_image","twitter_site":"@Charlieliveshow","twitter_misc":{"Dur\u00e9e de lecture estim\u00e9e":"1 minute"},"schema":{"@context":"https:\/\/schema.org","@graph":[{"@type":"WebPage","@id":"https:\/\/charlie-liveshow.com\/Tentation-erotique\/produit\/making-of-shooting-erotique\/","url":"https:\/\/charlie-liveshow.com\/Tentation-erotique\/produit\/making-of-shooting-erotique\/","name":"Making-of d'un shooting \u00e9rotique, une s\u00e9ance qui d\u00e9rape","isPartOf":{"@id":"https:\/\/charlie-liveshow.com\/Tentation-erotique\/#website"},"datePublished":"2021-03-22T11:04:04+00:00","dateModified":"2021-03-22T11:54:38+00:00","description":"SPECIAL MAKING-OF et fan de Charlie. Participe \u00e0 un de mes shooting de photo hot comme si tu \u00e9tais pr\u00e9sent. Tu vas adorer cet instant sensuel ou je chauffe le photographe pour l'obliger \u00e0 se faire sucer bien \u00e0 fond. VOIR LE TEASER SUR MANYVIDS Dur\u00e9e : 20 minutes de shooting \u00e9rotique et de danse sensuelle pour finir avec une bite dans la bouche &nbsp;","breadcrumb":{"@id":"https:\/\/charlie-liveshow.com\/Tentation-erotique\/produit\/making-of-shooting-erotique\/#breadcrumb"},"inLanguage":"fr-FR","potentialAction":[{"@type":"ReadAction","target":["https:\/\/charlie-liveshow.com\/Tentation-erotique\/produit\/making-of-shooting-erotique\/"]}]},{"@type":"BreadcrumbList","@id":"https:\/\/charlie-liveshow.com\/Tentation-erotique\/produit\/making-of-shooting-erotique\/#breadcrumb","itemListElement":[{"@type":"ListItem","position":1,"name":"Charlie r\u00e9veille vos sens","item":"https:\/\/charlie-liveshow.com\/Tentation-erotique\/page-d-accueil-commerce\/"},{"@type":"ListItem","position":2,"name":"Vid\u00e9os xXx","item":"https:\/\/charlie-liveshow.com\/Tentation-erotique\/categorie-produit\/videos-x-amateur-charlie\/"},{"@type":"ListItem","position":3,"name":"Making-of d&rsquo;un shooting \u00e9rotique, une s\u00e9ance qui d\u00e9rape"}]},{"@type":"WebSite","@id":"https:\/\/charlie-liveshow.com\/Tentation-erotique\/#website","url":"https:\/\/charlie-liveshow.com\/Tentation-erotique\/","name":"TENTATIONS \u00c9ROTIQUES par Charlie Liveshow","description":"Eveillez vous \u00e0 l&#039;\u00e9rotisme","publisher":{"@id":"https:\/\/charlie-liveshow.com\/Tentation-erotique\/#organization"},"potentialAction":[{"@type":"SearchAction","target":{"@type":"EntryPoint","urlTemplate":"https:\/\/charlie-liveshow.com\/Tentation-erotique\/?s={search_term_string}"},"query-input":"required name=search_term_string"}],"inLanguage":"fr-FR"},{"@type":"Organization","@id":"https:\/\/charlie-liveshow.com\/Tentation-erotique\/#organization","name":"charlie-liveshow","url":"https:\/\/charlie-liveshow.com\/Tentation-erotique\/","logo":{"@type":"ImageObject","inLanguage":"fr-FR","@id":"https:\/\/charlie-liveshow.com\/Tentation-erotique\/#\/schema\/logo\/image\/","url":"https:\/\/charlie-liveshow.com\/Tentation-erotique\/wp-content\/uploads\/2013\/05\/Charlie_folies_logo.png","contentUrl":"https:\/\/charlie-liveshow.com\/Tentation-erotique\/wp-content\/uploads\/2013\/05\/Charlie_folies_logo.png","width":210,"height":206,"caption":"charlie-liveshow"},"image":{"@id":"https:\/\/charlie-liveshow.com\/Tentation-erotique\/#\/schema\/logo\/image\/"},"sameAs":["https:\/\/www.facebook.com\/charlielivetantra","https:\/\/twitter.com\/Charlieliveshow","https:\/\/www.instagram.com\/charlie_liveshow\/","https:\/\/www.youtube.com\/CharlieTantra"]}]}},"_links":{"self":[{"href":"https:\/\/charlie-liveshow.com\/Tentation-erotique\/wp-json\/wp\/v2\/product\/43724"}],"collection":[{"href":"https:\/\/charlie-liveshow.com\/Tentation-erotique\/wp-json\/wp\/v2\/product"}],"about":[{"href":"https:\/\/charlie-liveshow.com\/Tentation-erotique\/wp-json\/wp\/v2\/types\/product"}],"replies":[{"embeddable":true,"href":"https:\/\/charlie-liveshow.com\/Tentation-erotique\/wp-json\/wp\/v2\/comments?post=43724"}],"version-history":[{"count":0,"href":"https:\/\/charlie-liveshow.com\/Tentation-erotique\/wp-json\/wp\/v2\/product\/43724\/revisions"}],"wp:featuredmedia":[{"embeddable":true,"href":"https:\/\/charlie-liveshow.com\/Tentation-erotique\/wp-json\/wp\/v2\/media\/43726"}],"wp:attachment":[{"href":"https:\/\/charlie-liveshow.com\/Tentation-erotique\/wp-json\/wp\/v2\/media?parent=43724"}],"wp:term":[{"taxonomy":"product_cat","embeddable":true,"href":"https:\/\/charlie-liveshow.com\/Tentation-erotique\/wp-json\/wp\/v2\/product_cat?post=43724"},{"taxonomy":"product_tag","embeddable":true,"href":"https:\/\/charlie-liveshow.com\/Tentation-erotique\/wp-json\/wp\/v2\/product_tag?post=43724"}],"curies":[{"name":"wp","href":"https:\/\/api.w.org\/{rel}","templated":true}]}}