{"id":41919,"date":"2019-09-20T17:23:13","date_gmt":"2019-09-20T15:23:13","guid":{"rendered":"https:\/\/charlie-liveshow.com\/Tentation-erotique\/?post_type=product&#038;p=41919"},"modified":"2020-11-09T20:51:00","modified_gmt":"2020-11-09T19:51:00","slug":"infirmiere-particuliere-joi-cosplay-porn","status":"publish","type":"product","link":"https:\/\/charlie-liveshow.com\/Tentation-erotique\/produit\/infirmiere-particuliere-joi-cosplay-porn\/","title":{"rendered":"Une infirmi\u00e8re partiCULi\u00e8re &#8211; JOI &#038; cosplay &#8211; 2"},"content":{"rendered":"<div id=\"note\">\n<h3>Charlie infirmi\u00e8re partiCULi\u00e8re &#8211; Jerk of instruction<\/h3>\n<p>J&rsquo;exauce tout vos souhaits ! Vous aviez ador\u00e9 ma <a href=\"https:\/\/charlie-liveshow.com\/Tentation-erotique\/produit\/jerk-off-instruction-francais\/\">premi\u00e8re vid\u00e9o de jerk off instruction<\/a> &#8211; JOI &#8211; mais vous en vouliez une en version cosplay. La voil\u00e0 ! Nurse Charlie une infirmi\u00e8re partiCULi\u00e8re qui est l\u00e0 pour soigner cette tension qui te fais tellement souffrir. Regard, laisse moi faire, suis mes conseils et tu verras que tr\u00e8s vite cette tension dans ton entre-jambe ne sera qu&rsquo;un lointain souvenir.<\/p>\n<h4>Mots-cl\u00e9s<\/h4>\n<span class=\"su-label su-label-type-important\">JOI<\/span> &#8211; <span class=\"su-label su-label-type-success\">COSPLAY<\/span>&#8211; <span class=\"su-label su-label-type-info\">Masturbation<\/span> &#8211; <span class=\"su-label su-label-type-info\">Fellation<\/span> &#8211; <span class=\"su-label su-label-type-info\">Deep Throat<\/span>\nFor (hot) adult only !<\/p>\n<h4>Fiche technique<\/h4>\n<p><strong>Dur\u00e9e : 19 minutes <\/strong>\u00a0| Qualit\u00e9 : 1280 x 720 px <strong>| <\/strong>Taille : 333mo<\/p>\n<\/div>\n","protected":false},"excerpt":{"rendered":"<p>Tu es tendu ? tu as les couilles pleines ? Nurse Charlie est l\u00e0 pour te soulager. Vid\u00e9o JOI, jerk off instruction, en Fran\u00e7ais et en version cosplay. Cool non ?<\/p>\n<p><strong>Dur\u00e9e : 19 minutes 100% JOI !\u00a0<\/strong><\/p>\n","protected":false},"featured_media":41921,"comment_status":"open","ping_status":"closed","template":"","meta":{"ub_ctt_via":""},"product_cat":[53],"product_tag":[163,165,164],"yoast_head":"<!-- This site is optimized with the Yoast SEO plugin v22.0 - https:\/\/yoast.com\/wordpress\/plugins\/seo\/ -->\n<title>Infirmi\u00e8re partiCULi\u00e8re JOI &amp; cosplay Video jerk off instruction en Fran\u00e7ais<\/title>\n<meta name=\"description\" content=\"Tu as les couilles pleines ? Nurse Charlie est l\u00e0 pour te soulager. Vid\u00e9o JOI cosplay Fran\u00e7ais. Jerk off instruction infirmi\u00e8re particuli\u00e8re\" \/>\n<meta name=\"robots\" content=\"index, follow, max-snippet:-1, max-image-preview:large, max-video-preview:-1\" \/>\n<link rel=\"canonical\" href=\"https:\/\/charlie-liveshow.com\/Tentation-erotique\/produit\/infirmiere-particuliere-joi-cosplay-porn\/\" \/>\n<meta property=\"og:locale\" content=\"fr_FR\" \/>\n<meta property=\"og:type\" content=\"article\" \/>\n<meta property=\"og:title\" content=\"Infirmi\u00e8re partiCULi\u00e8re JOI &amp; cosplay Video jerk off instruction en Fran\u00e7ais\" \/>\n<meta property=\"og:description\" content=\"Tu as les couilles pleines ? Nurse Charlie est l\u00e0 pour te soulager. Vid\u00e9o JOI cosplay Fran\u00e7ais. Jerk off instruction infirmi\u00e8re particuli\u00e8re\" \/>\n<meta property=\"og:url\" content=\"https:\/\/charlie-liveshow.com\/Tentation-erotique\/produit\/infirmiere-particuliere-joi-cosplay-porn\/\" \/>\n<meta property=\"og:site_name\" content=\"TENTATIONS \u00c9ROTIQUES par Charlie Liveshow\" \/>\n<meta property=\"article:publisher\" content=\"https:\/\/www.facebook.com\/charlielivetantra\" \/>\n<meta property=\"article:modified_time\" content=\"2020-11-09T19:51:00+00:00\" \/>\n<meta property=\"og:image\" content=\"https:\/\/charlie-liveshow.com\/Tentation-erotique\/wp-content\/uploads\/2019\/09\/joi-nurse-charlie-200919-header.jpg\" \/>\n\t<meta property=\"og:image:width\" content=\"1024\" \/>\n\t<meta property=\"og:image:height\" content=\"678\" \/>\n\t<meta property=\"og:image:type\" content=\"image\/jpeg\" \/>\n<meta name=\"twitter:card\" content=\"summary_large_image\" \/>\n<meta name=\"twitter:title\" content=\"Charlie et Luna Rival - jeux pervers entre filles\" \/>\n<meta name=\"twitter:description\" content=\"Luna Rival et Charlie : Action ou V\u00e9rit\u00e9 ? ACTION bien sur ! 18 minutes super hot de jeux lesbiens avec gode ceinture et squirt final ATTENTION : CHALEUR ! #Hotlife #sexygirl #lesbian #pornstar\" \/>\n<meta name=\"twitter:image\" content=\"https:\/\/charlie-liveshow.com\/Tentation-erotique\/wp-content\/uploads\/2019\/08\/Luna-charlie-action-verite-201908-VIDH.jpg\" \/>\n<meta name=\"twitter:site\" content=\"@Charlieliveshow\" \/>\n<meta name=\"twitter:label1\" content=\"Dur\u00e9e de lecture estim\u00e9e\" \/>\n\t<meta name=\"twitter:data1\" content=\"1 minute\" \/>\n<script type=\"application\/ld+json\" class=\"yoast-schema-graph\">{\"@context\":\"https:\/\/schema.org\",\"@graph\":[{\"@type\":\"WebPage\",\"@id\":\"https:\/\/charlie-liveshow.com\/Tentation-erotique\/produit\/infirmiere-particuliere-joi-cosplay-porn\/\",\"url\":\"https:\/\/charlie-liveshow.com\/Tentation-erotique\/produit\/infirmiere-particuliere-joi-cosplay-porn\/\",\"name\":\"Infirmi\u00e8re partiCULi\u00e8re JOI & cosplay Video jerk off instruction en Fran\u00e7ais\",\"isPartOf\":{\"@id\":\"https:\/\/charlie-liveshow.com\/Tentation-erotique\/#website\"},\"datePublished\":\"2019-09-20T15:23:13+00:00\",\"dateModified\":\"2020-11-09T19:51:00+00:00\",\"description\":\"Tu as les couilles pleines ? Nurse Charlie est l\u00e0 pour te soulager. Vid\u00e9o JOI cosplay Fran\u00e7ais. Jerk off instruction infirmi\u00e8re particuli\u00e8re\",\"breadcrumb\":{\"@id\":\"https:\/\/charlie-liveshow.com\/Tentation-erotique\/produit\/infirmiere-particuliere-joi-cosplay-porn\/#breadcrumb\"},\"inLanguage\":\"fr-FR\",\"potentialAction\":[{\"@type\":\"ReadAction\",\"target\":[\"https:\/\/charlie-liveshow.com\/Tentation-erotique\/produit\/infirmiere-particuliere-joi-cosplay-porn\/\"]}]},{\"@type\":\"BreadcrumbList\",\"@id\":\"https:\/\/charlie-liveshow.com\/Tentation-erotique\/produit\/infirmiere-particuliere-joi-cosplay-porn\/#breadcrumb\",\"itemListElement\":[{\"@type\":\"ListItem\",\"position\":1,\"name\":\"Charlie r\u00e9veille vos sens\",\"item\":\"https:\/\/charlie-liveshow.com\/Tentation-erotique\/page-d-accueil-commerce\/\"},{\"@type\":\"ListItem\",\"position\":2,\"name\":\"Vid\u00e9os xXx\",\"item\":\"https:\/\/charlie-liveshow.com\/Tentation-erotique\/categorie-produit\/videos-x-amateur-charlie\/\"},{\"@type\":\"ListItem\",\"position\":3,\"name\":\"Une infirmi\u00e8re partiCULi\u00e8re &#8211; JOI &#038; cosplay &#8211; 2\"}]},{\"@type\":\"WebSite\",\"@id\":\"https:\/\/charlie-liveshow.com\/Tentation-erotique\/#website\",\"url\":\"https:\/\/charlie-liveshow.com\/Tentation-erotique\/\",\"name\":\"TENTATIONS \u00c9ROTIQUES par Charlie Liveshow\",\"description\":\"Eveillez vous \u00e0 l&#039;\u00e9rotisme\",\"publisher\":{\"@id\":\"https:\/\/charlie-liveshow.com\/Tentation-erotique\/#organization\"},\"potentialAction\":[{\"@type\":\"SearchAction\",\"target\":{\"@type\":\"EntryPoint\",\"urlTemplate\":\"https:\/\/charlie-liveshow.com\/Tentation-erotique\/?s={search_term_string}\"},\"query-input\":\"required name=search_term_string\"}],\"inLanguage\":\"fr-FR\"},{\"@type\":\"Organization\",\"@id\":\"https:\/\/charlie-liveshow.com\/Tentation-erotique\/#organization\",\"name\":\"charlie-liveshow\",\"url\":\"https:\/\/charlie-liveshow.com\/Tentation-erotique\/\",\"logo\":{\"@type\":\"ImageObject\",\"inLanguage\":\"fr-FR\",\"@id\":\"https:\/\/charlie-liveshow.com\/Tentation-erotique\/#\/schema\/logo\/image\/\",\"url\":\"https:\/\/charlie-liveshow.com\/Tentation-erotique\/wp-content\/uploads\/2013\/05\/Charlie_folies_logo.png\",\"contentUrl\":\"https:\/\/charlie-liveshow.com\/Tentation-erotique\/wp-content\/uploads\/2013\/05\/Charlie_folies_logo.png\",\"width\":210,\"height\":206,\"caption\":\"charlie-liveshow\"},\"image\":{\"@id\":\"https:\/\/charlie-liveshow.com\/Tentation-erotique\/#\/schema\/logo\/image\/\"},\"sameAs\":[\"https:\/\/www.facebook.com\/charlielivetantra\",\"https:\/\/twitter.com\/Charlieliveshow\",\"https:\/\/www.instagram.com\/charlie_liveshow\/\",\"https:\/\/www.youtube.com\/CharlieTantra\"]}]}<\/script>\n<!-- \/ Yoast SEO plugin. -->","yoast_head_json":{"title":"Infirmi\u00e8re partiCULi\u00e8re JOI & cosplay Video jerk off instruction en Fran\u00e7ais","description":"Tu as les couilles pleines ? Nurse Charlie est l\u00e0 pour te soulager. Vid\u00e9o JOI cosplay Fran\u00e7ais. Jerk off instruction infirmi\u00e8re particuli\u00e8re","robots":{"index":"index","follow":"follow","max-snippet":"max-snippet:-1","max-image-preview":"max-image-preview:large","max-video-preview":"max-video-preview:-1"},"canonical":"https:\/\/charlie-liveshow.com\/Tentation-erotique\/produit\/infirmiere-particuliere-joi-cosplay-porn\/","og_locale":"fr_FR","og_type":"article","og_title":"Infirmi\u00e8re partiCULi\u00e8re JOI & cosplay Video jerk off instruction en Fran\u00e7ais","og_description":"Tu as les couilles pleines ? Nurse Charlie est l\u00e0 pour te soulager. Vid\u00e9o JOI cosplay Fran\u00e7ais. Jerk off instruction infirmi\u00e8re particuli\u00e8re","og_url":"https:\/\/charlie-liveshow.com\/Tentation-erotique\/produit\/infirmiere-particuliere-joi-cosplay-porn\/","og_site_name":"TENTATIONS \u00c9ROTIQUES par Charlie Liveshow","article_publisher":"https:\/\/www.facebook.com\/charlielivetantra","article_modified_time":"2020-11-09T19:51:00+00:00","og_image":[{"width":1024,"height":678,"url":"https:\/\/charlie-liveshow.com\/Tentation-erotique\/wp-content\/uploads\/2019\/09\/joi-nurse-charlie-200919-header.jpg","type":"image\/jpeg"}],"twitter_card":"summary_large_image","twitter_title":"Charlie et Luna Rival - jeux pervers entre filles","twitter_description":"Luna Rival et Charlie : Action ou V\u00e9rit\u00e9 ? ACTION bien sur ! 18 minutes super hot de jeux lesbiens avec gode ceinture et squirt final ATTENTION : CHALEUR ! #Hotlife #sexygirl #lesbian #pornstar","twitter_image":"https:\/\/charlie-liveshow.com\/Tentation-erotique\/wp-content\/uploads\/2019\/08\/Luna-charlie-action-verite-201908-VIDH.jpg","twitter_site":"@Charlieliveshow","twitter_misc":{"Dur\u00e9e de lecture estim\u00e9e":"1 minute"},"schema":{"@context":"https:\/\/schema.org","@graph":[{"@type":"WebPage","@id":"https:\/\/charlie-liveshow.com\/Tentation-erotique\/produit\/infirmiere-particuliere-joi-cosplay-porn\/","url":"https:\/\/charlie-liveshow.com\/Tentation-erotique\/produit\/infirmiere-particuliere-joi-cosplay-porn\/","name":"Infirmi\u00e8re partiCULi\u00e8re JOI & cosplay Video jerk off instruction en Fran\u00e7ais","isPartOf":{"@id":"https:\/\/charlie-liveshow.com\/Tentation-erotique\/#website"},"datePublished":"2019-09-20T15:23:13+00:00","dateModified":"2020-11-09T19:51:00+00:00","description":"Tu as les couilles pleines ? Nurse Charlie est l\u00e0 pour te soulager. Vid\u00e9o JOI cosplay Fran\u00e7ais. Jerk off instruction infirmi\u00e8re particuli\u00e8re","breadcrumb":{"@id":"https:\/\/charlie-liveshow.com\/Tentation-erotique\/produit\/infirmiere-particuliere-joi-cosplay-porn\/#breadcrumb"},"inLanguage":"fr-FR","potentialAction":[{"@type":"ReadAction","target":["https:\/\/charlie-liveshow.com\/Tentation-erotique\/produit\/infirmiere-particuliere-joi-cosplay-porn\/"]}]},{"@type":"BreadcrumbList","@id":"https:\/\/charlie-liveshow.com\/Tentation-erotique\/produit\/infirmiere-particuliere-joi-cosplay-porn\/#breadcrumb","itemListElement":[{"@type":"ListItem","position":1,"name":"Charlie r\u00e9veille vos sens","item":"https:\/\/charlie-liveshow.com\/Tentation-erotique\/page-d-accueil-commerce\/"},{"@type":"ListItem","position":2,"name":"Vid\u00e9os xXx","item":"https:\/\/charlie-liveshow.com\/Tentation-erotique\/categorie-produit\/videos-x-amateur-charlie\/"},{"@type":"ListItem","position":3,"name":"Une infirmi\u00e8re partiCULi\u00e8re &#8211; JOI &#038; cosplay &#8211; 2"}]},{"@type":"WebSite","@id":"https:\/\/charlie-liveshow.com\/Tentation-erotique\/#website","url":"https:\/\/charlie-liveshow.com\/Tentation-erotique\/","name":"TENTATIONS \u00c9ROTIQUES par Charlie Liveshow","description":"Eveillez vous \u00e0 l&#039;\u00e9rotisme","publisher":{"@id":"https:\/\/charlie-liveshow.com\/Tentation-erotique\/#organization"},"potentialAction":[{"@type":"SearchAction","target":{"@type":"EntryPoint","urlTemplate":"https:\/\/charlie-liveshow.com\/Tentation-erotique\/?s={search_term_string}"},"query-input":"required name=search_term_string"}],"inLanguage":"fr-FR"},{"@type":"Organization","@id":"https:\/\/charlie-liveshow.com\/Tentation-erotique\/#organization","name":"charlie-liveshow","url":"https:\/\/charlie-liveshow.com\/Tentation-erotique\/","logo":{"@type":"ImageObject","inLanguage":"fr-FR","@id":"https:\/\/charlie-liveshow.com\/Tentation-erotique\/#\/schema\/logo\/image\/","url":"https:\/\/charlie-liveshow.com\/Tentation-erotique\/wp-content\/uploads\/2013\/05\/Charlie_folies_logo.png","contentUrl":"https:\/\/charlie-liveshow.com\/Tentation-erotique\/wp-content\/uploads\/2013\/05\/Charlie_folies_logo.png","width":210,"height":206,"caption":"charlie-liveshow"},"image":{"@id":"https:\/\/charlie-liveshow.com\/Tentation-erotique\/#\/schema\/logo\/image\/"},"sameAs":["https:\/\/www.facebook.com\/charlielivetantra","https:\/\/twitter.com\/Charlieliveshow","https:\/\/www.instagram.com\/charlie_liveshow\/","https:\/\/www.youtube.com\/CharlieTantra"]}]}},"_links":{"self":[{"href":"https:\/\/charlie-liveshow.com\/Tentation-erotique\/wp-json\/wp\/v2\/product\/41919"}],"collection":[{"href":"https:\/\/charlie-liveshow.com\/Tentation-erotique\/wp-json\/wp\/v2\/product"}],"about":[{"href":"https:\/\/charlie-liveshow.com\/Tentation-erotique\/wp-json\/wp\/v2\/types\/product"}],"replies":[{"embeddable":true,"href":"https:\/\/charlie-liveshow.com\/Tentation-erotique\/wp-json\/wp\/v2\/comments?post=41919"}],"version-history":[{"count":0,"href":"https:\/\/charlie-liveshow.com\/Tentation-erotique\/wp-json\/wp\/v2\/product\/41919\/revisions"}],"wp:featuredmedia":[{"embeddable":true,"href":"https:\/\/charlie-liveshow.com\/Tentation-erotique\/wp-json\/wp\/v2\/media\/41921"}],"wp:attachment":[{"href":"https:\/\/charlie-liveshow.com\/Tentation-erotique\/wp-json\/wp\/v2\/media?parent=41919"}],"wp:term":[{"taxonomy":"product_cat","embeddable":true,"href":"https:\/\/charlie-liveshow.com\/Tentation-erotique\/wp-json\/wp\/v2\/product_cat?post=41919"},{"taxonomy":"product_tag","embeddable":true,"href":"https:\/\/charlie-liveshow.com\/Tentation-erotique\/wp-json\/wp\/v2\/product_tag?post=41919"}],"curies":[{"name":"wp","href":"https:\/\/api.w.org\/{rel}","templated":true}]}}