{"id":41887,"date":"2019-09-16T13:08:25","date_gmt":"2019-09-16T11:08:25","guid":{"rendered":"https:\/\/charlie-liveshow.com\/Tentation-erotique\/?post_type=product&#038;p=41887"},"modified":"2021-02-16T11:03:57","modified_gmt":"2021-02-16T10:03:57","slug":"exhib-baise-dans-la-rue-charlie-0919","status":"publish","type":"product","link":"https:\/\/charlie-liveshow.com\/Tentation-erotique\/produit\/exhib-baise-dans-la-rue-charlie-0919\/","title":{"rendered":"Exhib et baise dans la rue &#8211; Girl in the street"},"content":{"rendered":"<div id=\"note\">\n<h3>J&rsquo;adore m&rsquo;exhiber et me baiser dans la rue !<\/h3>\n<p>Il y a longtemps j&rsquo;\u00e9tais timide. Il y a longtemps ! Le fantasme absolue : \u00eatre \u00e0 la merci du premier passant venu qui me surprendrai pendant que je me baise dans une rue. Il resterai dans un coin \u00e0 me mater me branler pour lui. Il continuerai \u00e0 faire durcir son sexe jusqu&rsquo;\u00e0 ce que je m&rsquo;approche de lui pour niquer. <strong>Sur cette vid\u00e9o je suce mon mateur avec voracit\u00e9. Je lui pompe son gros sexe dur jusqu&rsquo;\u00e0 ce qu&rsquo;il m&rsquo;\u00e9jacule dans la bouche et sur le visage<\/strong>&#8230; J&rsquo;ai ador\u00e9 ! Vivement la prochaine promenade non ?<\/p>\n<h4>Mots-cl\u00e9s<\/h4>\n<span class=\"su-label su-label-type-important\">EXHIB<\/span> &#8211; <span class=\"su-label su-label-type-success\">CUMSHOT<\/span>&#8211; <span class=\"su-label su-label-type-info\">Masturbation<\/span> &#8211; <span class=\"su-label su-label-type-info\">Fellation<\/span> &#8211; <span class=\"su-label su-label-type-info\">Outdoor<\/span>\nFor (hot) adult only !<\/p>\n<h4>Fiche technique<\/h4>\n<p><strong>Dur\u00e9e : 10 minutes <\/strong>\u00a0| Qualit\u00e9 : 1280 x 720 px\u00a0<strong> | <\/strong>Taille : 192mo<\/p>\n<h4>Teaser stimulant<\/h4>\n<div style=\"width: 640px;\" class=\"wp-video\"><!--[if lt IE 9]><script>document.createElement('video');<\/script><![endif]-->\n<video class=\"wp-video-shortcode\" id=\"video-41887-1\" width=\"640\" height=\"360\" preload=\"metadata\" controls=\"controls\"><source type=\"video\/mp4\" src=\"https:\/\/charlie-liveshow.com\/Tentation-erotique\/wp-content\/uploads\/video\/girl-in-the-street-teaser.mp4?_=1\" \/><a href=\"https:\/\/charlie-liveshow.com\/Tentation-erotique\/wp-content\/uploads\/video\/girl-in-the-street-teaser.mp4\">https:\/\/charlie-liveshow.com\/Tentation-erotique\/wp-content\/uploads\/video\/girl-in-the-street-teaser.mp4<\/a><\/video><\/div>\n<h4>Sp\u00e9cial fans<\/h4>\n<p>Cette vid\u00e9o est d\u00e9j\u00e0 sur mon fan-club. Elle est donc gratuite pour mes anges ! N&rsquo;h\u00e9site pas <strong><a href=\"https:\/\/www.manyvids.com\/Activity\/CharlieLiveshow\/1002238475\" target=\"_blank\" rel=\"noopener noreferrer\">rejoins les Charlie&rsquo;s Angels<\/a><\/strong><\/p>\n<\/div>\n","protected":false},"excerpt":{"rendered":"<p>Une vid\u00e9o super hot d&rsquo;exhib en plein coeur d&rsquo;Avignon, la cit\u00e9 des Papes. Juste \u00e0 cot\u00e9 dans une petite rue je me branle et finis par sucer et avaler le sperme de mon mateur.<\/p>\n<p><strong>Dur\u00e9e : 10 minutes 100% outdoor !\u00a0<\/strong><\/p>\n","protected":false},"featured_media":43642,"comment_status":"open","ping_status":"closed","template":"","meta":{"ub_ctt_via":""},"product_cat":[53],"product_tag":[162,55,155],"yoast_head":"<!-- This site is optimized with the Yoast SEO plugin v22.0 - https:\/\/yoast.com\/wordpress\/plugins\/seo\/ -->\n<title>Exhib et baise dans les rues d&#039;Avignon - Blowjob de Charlie pour finir.<\/title>\n<meta name=\"description\" content=\"Ballade gourmande en Avignon. La cit\u00e9 des Papes m\u00e9rite bien une exhib et une baise dans la rue non ? Je finis par un blowjob avec mon homme\" \/>\n<meta name=\"robots\" content=\"index, follow, max-snippet:-1, max-image-preview:large, max-video-preview:-1\" \/>\n<link rel=\"canonical\" href=\"https:\/\/charlie-liveshow.com\/Tentation-erotique\/produit\/exhib-baise-dans-la-rue-charlie-0919\/\" \/>\n<meta property=\"og:locale\" content=\"fr_FR\" \/>\n<meta property=\"og:type\" content=\"article\" \/>\n<meta property=\"og:title\" content=\"Exhib et baise dans les rues d&#039;Avignon - Blowjob de Charlie pour finir.\" \/>\n<meta property=\"og:description\" content=\"Ballade gourmande en Avignon. La cit\u00e9 des Papes m\u00e9rite bien une exhib et une baise dans la rue non ? Je finis par un blowjob avec mon homme\" \/>\n<meta property=\"og:url\" content=\"https:\/\/charlie-liveshow.com\/Tentation-erotique\/produit\/exhib-baise-dans-la-rue-charlie-0919\/\" \/>\n<meta property=\"og:site_name\" content=\"TENTATIONS \u00c9ROTIQUES par Charlie Liveshow\" \/>\n<meta property=\"article:publisher\" content=\"https:\/\/www.facebook.com\/charlielivetantra\" \/>\n<meta property=\"article:modified_time\" content=\"2021-02-16T10:03:57+00:00\" \/>\n<meta property=\"og:image\" content=\"https:\/\/charlie-liveshow.com\/Tentation-erotique\/wp-content\/uploads\/2019\/09\/exhib-baise-dans-la-rue-girl-in-the-street_1024.jpg\" \/>\n\t<meta property=\"og:image:width\" content=\"1024\" \/>\n\t<meta property=\"og:image:height\" content=\"678\" \/>\n\t<meta property=\"og:image:type\" content=\"image\/jpeg\" \/>\n<meta name=\"twitter:card\" content=\"summary_large_image\" \/>\n<meta name=\"twitter:title\" content=\"Charlie exhib au coeur d&#039;Avignon\" \/>\n<meta name=\"twitter:description\" content=\"Il y a longtemps j&#039;\u00e9tais timide... Suis moi dans les rues d&#039;Avignon, la cit\u00e9 des papes pour une ballade #hot et tr\u00e8s #exhib\" \/>\n<meta name=\"twitter:image\" content=\"https:\/\/charlie-liveshow.com\/Tentation-erotique\/wp-content\/uploads\/2019\/09\/exhib-baise-girl-in-the-street-header.jpg\" \/>\n<meta name=\"twitter:site\" content=\"@Charlieliveshow\" \/>\n<meta name=\"twitter:label1\" content=\"Dur\u00e9e de lecture estim\u00e9e\" \/>\n\t<meta name=\"twitter:data1\" content=\"1 minute\" \/>\n<script type=\"application\/ld+json\" class=\"yoast-schema-graph\">{\"@context\":\"https:\/\/schema.org\",\"@graph\":[{\"@type\":\"WebPage\",\"@id\":\"https:\/\/charlie-liveshow.com\/Tentation-erotique\/produit\/exhib-baise-dans-la-rue-charlie-0919\/\",\"url\":\"https:\/\/charlie-liveshow.com\/Tentation-erotique\/produit\/exhib-baise-dans-la-rue-charlie-0919\/\",\"name\":\"Exhib et baise dans les rues d'Avignon - Blowjob de Charlie pour finir.\",\"isPartOf\":{\"@id\":\"https:\/\/charlie-liveshow.com\/Tentation-erotique\/#website\"},\"datePublished\":\"2019-09-16T11:08:25+00:00\",\"dateModified\":\"2021-02-16T10:03:57+00:00\",\"description\":\"Ballade gourmande en Avignon. La cit\u00e9 des Papes m\u00e9rite bien une exhib et une baise dans la rue non ? Je finis par un blowjob avec mon homme\",\"breadcrumb\":{\"@id\":\"https:\/\/charlie-liveshow.com\/Tentation-erotique\/produit\/exhib-baise-dans-la-rue-charlie-0919\/#breadcrumb\"},\"inLanguage\":\"fr-FR\",\"potentialAction\":[{\"@type\":\"ReadAction\",\"target\":[\"https:\/\/charlie-liveshow.com\/Tentation-erotique\/produit\/exhib-baise-dans-la-rue-charlie-0919\/\"]}]},{\"@type\":\"BreadcrumbList\",\"@id\":\"https:\/\/charlie-liveshow.com\/Tentation-erotique\/produit\/exhib-baise-dans-la-rue-charlie-0919\/#breadcrumb\",\"itemListElement\":[{\"@type\":\"ListItem\",\"position\":1,\"name\":\"Charlie r\u00e9veille vos sens\",\"item\":\"https:\/\/charlie-liveshow.com\/Tentation-erotique\/page-d-accueil-commerce\/\"},{\"@type\":\"ListItem\",\"position\":2,\"name\":\"Vid\u00e9os xXx\",\"item\":\"https:\/\/charlie-liveshow.com\/Tentation-erotique\/categorie-produit\/videos-x-amateur-charlie\/\"},{\"@type\":\"ListItem\",\"position\":3,\"name\":\"Exhib et baise dans la rue &#8211; Girl in the street\"}]},{\"@type\":\"WebSite\",\"@id\":\"https:\/\/charlie-liveshow.com\/Tentation-erotique\/#website\",\"url\":\"https:\/\/charlie-liveshow.com\/Tentation-erotique\/\",\"name\":\"TENTATIONS \u00c9ROTIQUES par Charlie Liveshow\",\"description\":\"Eveillez vous \u00e0 l&#039;\u00e9rotisme\",\"publisher\":{\"@id\":\"https:\/\/charlie-liveshow.com\/Tentation-erotique\/#organization\"},\"potentialAction\":[{\"@type\":\"SearchAction\",\"target\":{\"@type\":\"EntryPoint\",\"urlTemplate\":\"https:\/\/charlie-liveshow.com\/Tentation-erotique\/?s={search_term_string}\"},\"query-input\":\"required name=search_term_string\"}],\"inLanguage\":\"fr-FR\"},{\"@type\":\"Organization\",\"@id\":\"https:\/\/charlie-liveshow.com\/Tentation-erotique\/#organization\",\"name\":\"charlie-liveshow\",\"url\":\"https:\/\/charlie-liveshow.com\/Tentation-erotique\/\",\"logo\":{\"@type\":\"ImageObject\",\"inLanguage\":\"fr-FR\",\"@id\":\"https:\/\/charlie-liveshow.com\/Tentation-erotique\/#\/schema\/logo\/image\/\",\"url\":\"https:\/\/charlie-liveshow.com\/Tentation-erotique\/wp-content\/uploads\/2013\/05\/Charlie_folies_logo.png\",\"contentUrl\":\"https:\/\/charlie-liveshow.com\/Tentation-erotique\/wp-content\/uploads\/2013\/05\/Charlie_folies_logo.png\",\"width\":210,\"height\":206,\"caption\":\"charlie-liveshow\"},\"image\":{\"@id\":\"https:\/\/charlie-liveshow.com\/Tentation-erotique\/#\/schema\/logo\/image\/\"},\"sameAs\":[\"https:\/\/www.facebook.com\/charlielivetantra\",\"https:\/\/twitter.com\/Charlieliveshow\",\"https:\/\/www.instagram.com\/charlie_liveshow\/\",\"https:\/\/www.youtube.com\/CharlieTantra\"]}]}<\/script>\n<!-- \/ Yoast SEO plugin. -->","yoast_head_json":{"title":"Exhib et baise dans les rues d'Avignon - Blowjob de Charlie pour finir.","description":"Ballade gourmande en Avignon. La cit\u00e9 des Papes m\u00e9rite bien une exhib et une baise dans la rue non ? Je finis par un blowjob avec mon homme","robots":{"index":"index","follow":"follow","max-snippet":"max-snippet:-1","max-image-preview":"max-image-preview:large","max-video-preview":"max-video-preview:-1"},"canonical":"https:\/\/charlie-liveshow.com\/Tentation-erotique\/produit\/exhib-baise-dans-la-rue-charlie-0919\/","og_locale":"fr_FR","og_type":"article","og_title":"Exhib et baise dans les rues d'Avignon - Blowjob de Charlie pour finir.","og_description":"Ballade gourmande en Avignon. La cit\u00e9 des Papes m\u00e9rite bien une exhib et une baise dans la rue non ? Je finis par un blowjob avec mon homme","og_url":"https:\/\/charlie-liveshow.com\/Tentation-erotique\/produit\/exhib-baise-dans-la-rue-charlie-0919\/","og_site_name":"TENTATIONS \u00c9ROTIQUES par Charlie Liveshow","article_publisher":"https:\/\/www.facebook.com\/charlielivetantra","article_modified_time":"2021-02-16T10:03:57+00:00","og_image":[{"width":1024,"height":678,"url":"https:\/\/charlie-liveshow.com\/Tentation-erotique\/wp-content\/uploads\/2019\/09\/exhib-baise-dans-la-rue-girl-in-the-street_1024.jpg","type":"image\/jpeg"}],"twitter_card":"summary_large_image","twitter_title":"Charlie exhib au coeur d'Avignon","twitter_description":"Il y a longtemps j'\u00e9tais timide... Suis moi dans les rues d'Avignon, la cit\u00e9 des papes pour une ballade #hot et tr\u00e8s #exhib","twitter_image":"https:\/\/charlie-liveshow.com\/Tentation-erotique\/wp-content\/uploads\/2019\/09\/exhib-baise-girl-in-the-street-header.jpg","twitter_site":"@Charlieliveshow","twitter_misc":{"Dur\u00e9e de lecture estim\u00e9e":"1 minute"},"schema":{"@context":"https:\/\/schema.org","@graph":[{"@type":"WebPage","@id":"https:\/\/charlie-liveshow.com\/Tentation-erotique\/produit\/exhib-baise-dans-la-rue-charlie-0919\/","url":"https:\/\/charlie-liveshow.com\/Tentation-erotique\/produit\/exhib-baise-dans-la-rue-charlie-0919\/","name":"Exhib et baise dans les rues d'Avignon - Blowjob de Charlie pour finir.","isPartOf":{"@id":"https:\/\/charlie-liveshow.com\/Tentation-erotique\/#website"},"datePublished":"2019-09-16T11:08:25+00:00","dateModified":"2021-02-16T10:03:57+00:00","description":"Ballade gourmande en Avignon. La cit\u00e9 des Papes m\u00e9rite bien une exhib et une baise dans la rue non ? Je finis par un blowjob avec mon homme","breadcrumb":{"@id":"https:\/\/charlie-liveshow.com\/Tentation-erotique\/produit\/exhib-baise-dans-la-rue-charlie-0919\/#breadcrumb"},"inLanguage":"fr-FR","potentialAction":[{"@type":"ReadAction","target":["https:\/\/charlie-liveshow.com\/Tentation-erotique\/produit\/exhib-baise-dans-la-rue-charlie-0919\/"]}]},{"@type":"BreadcrumbList","@id":"https:\/\/charlie-liveshow.com\/Tentation-erotique\/produit\/exhib-baise-dans-la-rue-charlie-0919\/#breadcrumb","itemListElement":[{"@type":"ListItem","position":1,"name":"Charlie r\u00e9veille vos sens","item":"https:\/\/charlie-liveshow.com\/Tentation-erotique\/page-d-accueil-commerce\/"},{"@type":"ListItem","position":2,"name":"Vid\u00e9os xXx","item":"https:\/\/charlie-liveshow.com\/Tentation-erotique\/categorie-produit\/videos-x-amateur-charlie\/"},{"@type":"ListItem","position":3,"name":"Exhib et baise dans la rue &#8211; Girl in the street"}]},{"@type":"WebSite","@id":"https:\/\/charlie-liveshow.com\/Tentation-erotique\/#website","url":"https:\/\/charlie-liveshow.com\/Tentation-erotique\/","name":"TENTATIONS \u00c9ROTIQUES par Charlie Liveshow","description":"Eveillez vous \u00e0 l&#039;\u00e9rotisme","publisher":{"@id":"https:\/\/charlie-liveshow.com\/Tentation-erotique\/#organization"},"potentialAction":[{"@type":"SearchAction","target":{"@type":"EntryPoint","urlTemplate":"https:\/\/charlie-liveshow.com\/Tentation-erotique\/?s={search_term_string}"},"query-input":"required name=search_term_string"}],"inLanguage":"fr-FR"},{"@type":"Organization","@id":"https:\/\/charlie-liveshow.com\/Tentation-erotique\/#organization","name":"charlie-liveshow","url":"https:\/\/charlie-liveshow.com\/Tentation-erotique\/","logo":{"@type":"ImageObject","inLanguage":"fr-FR","@id":"https:\/\/charlie-liveshow.com\/Tentation-erotique\/#\/schema\/logo\/image\/","url":"https:\/\/charlie-liveshow.com\/Tentation-erotique\/wp-content\/uploads\/2013\/05\/Charlie_folies_logo.png","contentUrl":"https:\/\/charlie-liveshow.com\/Tentation-erotique\/wp-content\/uploads\/2013\/05\/Charlie_folies_logo.png","width":210,"height":206,"caption":"charlie-liveshow"},"image":{"@id":"https:\/\/charlie-liveshow.com\/Tentation-erotique\/#\/schema\/logo\/image\/"},"sameAs":["https:\/\/www.facebook.com\/charlielivetantra","https:\/\/twitter.com\/Charlieliveshow","https:\/\/www.instagram.com\/charlie_liveshow\/","https:\/\/www.youtube.com\/CharlieTantra"]}]}},"_links":{"self":[{"href":"https:\/\/charlie-liveshow.com\/Tentation-erotique\/wp-json\/wp\/v2\/product\/41887"}],"collection":[{"href":"https:\/\/charlie-liveshow.com\/Tentation-erotique\/wp-json\/wp\/v2\/product"}],"about":[{"href":"https:\/\/charlie-liveshow.com\/Tentation-erotique\/wp-json\/wp\/v2\/types\/product"}],"replies":[{"embeddable":true,"href":"https:\/\/charlie-liveshow.com\/Tentation-erotique\/wp-json\/wp\/v2\/comments?post=41887"}],"version-history":[{"count":0,"href":"https:\/\/charlie-liveshow.com\/Tentation-erotique\/wp-json\/wp\/v2\/product\/41887\/revisions"}],"wp:featuredmedia":[{"embeddable":true,"href":"https:\/\/charlie-liveshow.com\/Tentation-erotique\/wp-json\/wp\/v2\/media\/43642"}],"wp:attachment":[{"href":"https:\/\/charlie-liveshow.com\/Tentation-erotique\/wp-json\/wp\/v2\/media?parent=41887"}],"wp:term":[{"taxonomy":"product_cat","embeddable":true,"href":"https:\/\/charlie-liveshow.com\/Tentation-erotique\/wp-json\/wp\/v2\/product_cat?post=41887"},{"taxonomy":"product_tag","embeddable":true,"href":"https:\/\/charlie-liveshow.com\/Tentation-erotique\/wp-json\/wp\/v2\/product_tag?post=41887"}],"curies":[{"name":"wp","href":"https:\/\/api.w.org\/{rel}","templated":true}]}}